000
CDUS41 KGYX 200811
CLICON


CLIMATE REPORT
NATIONAL WEATHER SERVICE GRAY ME
410 AM EDT FRI APR 20 2018


...................................

...THE CONCORD NH CLIMATE SUMMARY FOR APRIL 19 2018...

CLIMATE NORMAL PERIOD 1981 TO 2010
CLIMATE RECORD PERIOD 1868 TO 2018


WEATHER ITEM   OBSERVED TIME   RECORD YEAR NORMAL DEPARTURE LAST
                VALUE   (LST)  VALUE       VALUE  FROM      YEAR
                                                  NORMAL
..................................................................
TEMPERATURE (F)
 YESTERDAY
  MAXIMUM         49    117 PM  95    1976  59    -10       55
  MINIMUM         32    152 AM  16    1875  34     -2       36
  AVERAGE         41                        46     -5       46

PRECIPITATION (IN)
  YESTERDAY        T             0.77 1870   0.11  -0.11     0.15
  MONTH TO DATE    3.15                      2.18   0.97     2.66
  SINCE MAR 1      5.73                      5.45   0.28     6.64
  SINCE JAN 1     12.49                     10.77   1.72    11.59

SNOWFALL (IN)
  YESTERDAY        0.0           6.8  1925   0.0    0.0      0.0
  MONTH TO DATE    1.7                       2.4   -0.7      6.9
  SINCE MAR 1     30.4                      13.5   16.9     29.3
  SINCE JUL 1     87.9                      61.0   26.9     86.3
  SNOW DEPTH       0

DEGREE DAYS
 HEATING
  YESTERDAY       24                        19      5       19
  MONTH TO DATE  513                       421     92      339
  SINCE MAR 1   1482                      1408     74     1443
  SINCE JUL 1   6279                      6668   -389     5941

 COOLING
  YESTERDAY        0                         0      0        0
  MONTH TO DATE    0                         0      0        2
  SINCE MAR 1      0                         0      0        2
  SINCE JAN 1      0                         0      0        2
..................................................................


WIND (MPH)
  RESULTANT WIND SPEED   5   RESULTANT WIND DIRECTION  NW (310)
  HIGHEST WIND SPEED    21   HIGHEST WIND DIRECTION    NW (320)
  HIGHEST GUST SPEED    27   HIGHEST GUST DIRECTION    NW (330)
  AVERAGE WIND SPEED     7.6


SKY COVER
  AVERAGE SKY COVER 0.9


WEATHER CONDITIONS
 THE FOLLOWING WEATHER WAS RECORDED YESTERDAY.
  LIGHT RAIN


RELATIVE HUMIDITY (PERCENT)
 HIGHEST    85           900 AM
 LOWEST     46           100 PM
 AVERAGE    66

..........................................................


THE CONCORD NH CLIMATE NORMALS FOR TODAY
                         NORMAL    RECORD    YEAR
 MAXIMUM TEMPERATURE (F)   60        92      1941
 MINIMUM TEMPERATURE (F)   34        16      1974
                                             1875


SUNRISE AND SUNSET
APRIL 20 2018.........SUNRISE   556 AM EDT   SUNSET   735 PM EDT
APRIL 21 2018.........SUNRISE   554 AM EDT   SUNSET   736 PM EDT


-  INDICATES NEGATIVE NUMBERS.
R  INDICATES RECORD WAS SET OR TIED.
MM INDICATES DATA IS MISSING.
T  INDICATES TRACE AMOUNT.




$$
