000
CDUS42 KILM 210840
CLICRE


CLIMATE REPORT
NATIONAL WEATHER SERVICE WILMINGTON NC
440 AM EDT SAT APR 21 2018


...................................

...THE N.MYRTLE BEACH SOUTH CAROLINA CLIMATE SUMMARY FOR APRIL 20 2018...

CLIMATE NORMAL PERIOD 1981 TO 2010
CLIMATE RECORD PERIOD 1949 TO 2018


WEATHER ITEM   OBSERVED TIME   RECORD YEAR NORMAL DEPARTURE LAST
                VALUE   (LST)  VALUE       VALUE  FROM      YEAR
                                                  NORMAL
..................................................................
TEMPERATURE (F)
 YESTERDAY
  MAXIMUM         64   1206 PM  87    1955  72     -8       80
  MINIMUM         45    620 AM  32    1994  53     -8       60
  AVERAGE         55                        63     -8       70

PRECIPITATION (IN)
  YESTERDAY        0.00          1.49 2008   0.09  -0.09     0.00
  MONTH TO DATE    2.57                      2.03   0.54     2.25
  SINCE MAR 1      4.57                      5.95  -1.38     4.19
  SINCE JAN 1     10.28                     13.06  -2.78     7.72

SNOWFALL (IN)
  YESTERDAY       MM            MM          MM
  MONTH TO DATE   MM                        MM
  SINCE MAR 1     MM                        MM
  SINCE JUL 1     MM                        MM
  SNOW DEPTH      MM

DEGREE DAYS
 HEATING
  YESTERDAY       10                         4      6        0
  MONTH TO DATE  143                       113     30       47
  SINCE MAR 1    539                       451     88      391
  SINCE JUL 1   2303                      2395    -92     1795

 COOLING
  YESTERDAY        0                         2     -2        5
  MONTH TO DATE   17                        17      0       35
  SINCE MAR 1     17                        20     -3       47
  SINCE JAN 1     37                        20     17       48
..................................................................


WIND (MPH)
  RESULTANT WIND SPEED   5   RESULTANT WIND DIRECTION  NE (60)
  HIGHEST WIND SPEED    21   HIGHEST WIND DIRECTION    NE (40)
  HIGHEST GUST SPEED    30   HIGHEST GUST DIRECTION    NE (30)
  AVERAGE WIND SPEED     8.3


SKY COVER
  POSSIBLE SUNSHINE  MM
  AVERAGE SKY COVER 0.0


WEATHER CONDITIONS
 THE FOLLOWING WEATHER WAS RECORDED YESTERDAY.
  NO SIGNIFICANT WEATHER WAS OBSERVED.


RELATIVE HUMIDITY (PERCENT)
 HIGHEST    66           800 PM
 LOWEST     27          1200 PM
 AVERAGE    47

..........................................................


THE N.MYRTLE BEACH SOUTH CAROLINA CLIMATE NORMALS FOR TODAY
                         NORMAL    RECORD    YEAR
 MAXIMUM TEMPERATURE (F)   73        92      2002
 MINIMUM TEMPERATURE (F)   53        29      1953


SUNRISE AND SUNSET
APRIL 21 2018.........SUNRISE   637 AM EDT   SUNSET   751 PM EDT
APRIL 22 2018.........SUNRISE   636 AM EDT   SUNSET   751 PM EDT


-  INDICATES NEGATIVE NUMBERS.
R  INDICATES RECORD WAS SET OR TIED.
MM INDICATES DATA IS MISSING.
T  INDICATES TRACE AMOUNT.




$$
