000
CDUS43 KUNR 210839
CLID07


CLIMATE REPORT
NATIONAL WEATHER SERVICE RAPID CITY SD
236 AM MDT MON MAY 21 2018


...................................

...THE FAITH SD CLIMATE SUMMARY FOR MAY 20 2018...

CLIMATE NORMAL PERIOD 1981 TO 2010
CLIMATE RECORD PERIOD 9999 TO 9999


WEATHER ITEM   OBSERVED TIME   NORMAL DEPARTURE LAST
                VALUE   (LST)  VALUE  FROM      YEAR
                                      NORMAL
......................................................
TEMPERATURE (F)
 YESTERDAY
  MAXIMUM         63    349 PM  68     -5       60
  MINIMUM         38    459 AM  44     -6       36
  AVERAGE         51            56     -5       48

PRECIPITATION (IN)
  YESTERDAY        0.00          0.10  -0.10     0.00
  MONTH TO DATE    1.68          1.94  -0.26     1.12
  SINCE MAR 1      4.60          4.55   0.05     3.17
  SINCE JAN 1      5.70          5.17   0.53     4.19

DEGREE DAYS
 HEATING
  YESTERDAY       14             9      5       17
  MONTH TO DATE  147           235    -88      180
  SINCE MAR 1   2155          1846    309     1653
  SINCE JUL 1   8107          7534    573     7004

 COOLING
  YESTERDAY        0             0      0        0
  MONTH TO DATE   12             0     12       12
  SINCE MAR 1     12             1     11       12
  SINCE JAN 1     12             1     11       12
......................................................


WIND (MPH)
  HIGHEST WIND SPEED    16   HIGHEST WIND DIRECTION    SE (130)
  HIGHEST GUST SPEED    21   HIGHEST GUST DIRECTION    SE (130)
  AVERAGE WIND SPEED     7.8




RELATIVE HUMIDITY (PERCENT)
 HIGHEST    92           500 AM
 LOWEST     33          1100 AM
 AVERAGE    63

..........................................................




SUNRISE AND SUNSET
MAY 21 2018...........SUNRISE   513 AM MDT   SUNSET   817 PM MDT
MAY 22 2018...........SUNRISE   512 AM MDT   SUNSET   818 PM MDT


-  INDICATES NEGATIVE NUMBERS.
R  INDICATES RECORD WAS SET OR TIED.
MM INDICATES DATA IS MISSING.
T  INDICATES TRACE AMOUNT.




$$
