000
CDUS41 KILN 262102
CLIDAY


CLIMATE REPORT
NATIONAL WEATHER SERVICE WILMINGTON OH
501 PM EDT SAT MAY 26 2018


...................................

...THE DAYTON OH CLIMATE SUMMARY FOR MAY 26 2018...
VALID TODAY AS OF 0500 PM LOCAL TIME.

CLIMATE NORMAL PERIOD 1981 TO 2010
CLIMATE RECORD PERIOD 1869 TO 2018


WEATHER ITEM   OBSERVED TIME   RECORD YEAR NORMAL DEPARTURE LAST
                VALUE   (LST)  VALUE       VALUE  FROM      YEAR
                                                  NORMAL
..................................................................
TEMPERATURE (F)
 TODAY
  MAXIMUM         84   1254 PM  95    1911  74     10       76
  MINIMUM         70    614 AM  37    1983  55     15       55
                                      1897
  AVERAGE         77                        64     13       66

PRECIPITATION (IN)
  TODAY            0.13          1.78 1989   0.15  -0.02     1.44
  MONTH TO DATE    1.66                      3.90  -2.24     6.39
  SINCE MAR 1     10.00                     11.33  -1.33    16.80
  SINCE JAN 1     18.31                     16.28   2.03    21.74

SNOWFALL (IN)
  TODAY            0.0           0.0    MM   0.0    0.0      0.0
  MONTH TO DATE    0.0                       0.0    0.0      0.0
  SINCE MAR 1      9.2                       4.0    5.2      1.3
  SINCE JUL 1     26.7                      23.3    3.4      8.5
  SNOW DEPTH       0

DEGREE DAYS
 HEATING
  TODAY            0                         3     -3        0
  MONTH TO DATE   15                       154   -139      160
  SINCE MAR 1   1459                      1330    129     1125
  SINCE JUL 1   5567                      5605    -38     4555

 COOLING
  TODAY           12                         3      9        1
  MONTH TO DATE  124                        44     80       40
  SINCE MAR 1    131                        54     77       73
  SINCE JAN 1    134                        54     80       73
..................................................................


WIND (MPH)
  RESULTANT WIND SPEED   8   RESULTANT WIND DIRECTION  SW (210)
  HIGHEST WIND SPEED    23   HIGHEST WIND DIRECTION     W (270)
  HIGHEST GUST SPEED    27   HIGHEST GUST DIRECTION     W (270)
  AVERAGE WIND SPEED     8.6


SKY COVER
  POSSIBLE SUNSHINE  MM
  AVERAGE SKY COVER 0.7


WEATHER CONDITIONS
 THE FOLLOWING WEATHER WAS RECORDED TODAY.
  THUNDERSTORM
  LIGHT RAIN
  FOG


RELATIVE HUMIDITY (PERCENT)
 HIGHEST    78           600 AM
 LOWEST     62          1200 PM
 AVERAGE    70

..........................................................


THE DAYTON OH CLIMATE NORMALS FOR TOMORROW
                         NORMAL    RECORD    YEAR
 MAXIMUM TEMPERATURE (F)   75        95      1911
 MINIMUM TEMPERATURE (F)   55        33      1961


SUNRISE AND SUNSET
MAY 26 2018...........SUNRISE   613 AM EDT   SUNSET   855 PM EDT
MAY 27 2018...........SUNRISE   613 AM EDT   SUNSET   856 PM EDT


-  INDICATES NEGATIVE NUMBERS.
R  INDICATES RECORD WAS SET OR TIED.
MM INDICATES DATA IS MISSING.
T  INDICATES TRACE AMOUNT.




$$
