000
CDUS43 KILX 190640
CLIDEC


CLIMATE REPORT
NATIONAL WEATHER SERVICE LINCOLN IL
138 AM CDT THU APR 19 2018


...................................

...THE DECATUR IL AIRPORT CLIMATE SUMMARY FOR APRIL 18 2018...

CLIMATE NORMAL PERIOD 1981 TO 2010
CLIMATE RECORD PERIOD 9999 TO 9999


WEATHER ITEM   OBSERVED TIME   RECORD YEAR NORMAL DEPARTURE LAST
                VALUE   (LST)  VALUE       VALUE  FROM      YEAR
                                                  NORMAL
..................................................................
TEMPERATURE (F)
 YESTERDAY
  MAXIMUM         57   1227 PM  MM      MM  65     -8       76
  MINIMUM         34   1159 PM  MM      MM  43     -9       42
  AVERAGE         46                        54     -8       59

PRECIPITATION (IN)
  YESTERDAY        T            MM      MM   0.12  -0.12     0.00
  MONTH TO DATE    1.64                      1.97  -0.33     1.99
  SINCE MAR 1      5.01                      4.61   0.40     4.69
  SINCE JAN 1     10.14                      8.33   1.81     6.79

DEGREE DAYS
 HEATING
  YESTERDAY       19                        12      7        6
  MONTH TO DATE  424                       266    158      159
  SINCE MAR 1   1231                       993    238      814
  SINCE JUL 1   5383                      5250    133     4173

 COOLING
  YESTERDAY        0                         0      0        0
  MONTH TO DATE    3                         0      3       11
  SINCE MAR 1      3                         1      2       11
  SINCE JAN 1      3                         1      2       11
..................................................................


WIND (MPH)
  HIGHEST WIND SPEED    29   HIGHEST WIND DIRECTION     W (270)
  HIGHEST GUST SPEED    41   HIGHEST GUST DIRECTION     W (260)
  AVERAGE WIND SPEED    17.4


SKY COVER
  POSSIBLE SUNSHINE  MM
  AVERAGE SKY COVER 0.8


WEATHER CONDITIONS
 THE FOLLOWING WEATHER WAS RECORDED YESTERDAY.
  LIGHT RAIN
  LIGHT SNOW


RELATIVE HUMIDITY (PERCENT)
 HIGHEST    89           300 AM
 LOWEST     60           900 AM
 AVERAGE    75

..........................................................


THE DECATUR IL AIRPORT CLIMATE NORMALS FOR TODAY
                         NORMAL    RECORD    YEAR
 MAXIMUM TEMPERATURE (F)   65        MM        MM
 MINIMUM TEMPERATURE (F)   43        MM        MM


SUNRISE AND SUNSET
APRIL 19 2018.........SUNRISE   612 AM CDT   SUNSET   738 PM CDT
APRIL 20 2018.........SUNRISE   611 AM CDT   SUNSET   739 PM CDT


-  INDICATES NEGATIVE NUMBERS.
R  INDICATES RECORD WAS SET OR TIED.
MM INDICATES DATA IS MISSING.
T  INDICATES TRACE AMOUNT.




$$
