000
CDUS44 KSHV 202159
CLIDEQ


CLIMATE REPORT
NATIONAL WEATHER SERVICE SHREVEPORT, LA
459 PM CDT SUN MAY 20 2018


...................................

...THE DE QUEEN CLIMATE SUMMARY FOR MAY 20 2018...
VALID TODAY AS OF 0400 PM LOCAL TIME.

CLIMATE NORMAL PERIOD 1981 TO 2010
CLIMATE RECORD PERIOD 1902 TO 2018


WEATHER ITEM   OBSERVED TIME   RECORD YEAR NORMAL DEPARTURE LAST
                VALUE   (LST)  VALUE       VALUE  FROM      YEAR
                                                  NORMAL
..................................................................
TEMPERATURE (F)
 TODAY
  MAXIMUM         88    259 PM  94    2005  82      6       80
  MINIMUM         68    542 AM  43    1981  60      8       64
  AVERAGE         78                        71      7       72

PRECIPITATION (IN)
  TODAY            0.00          2.60 1903   0.16  -0.16     0.52
  MONTH TO DATE    0.49                      4.07  -3.58     2.58
  SINCE DEC 1     29.19                     24.00   5.19    21.83
  SINCE JAN 1     23.94                     19.64   4.30    19.12

DEGREE DAYS
 HEATING
  TODAY            0                         0      0        0
  MONTH TO DATE    0                        21    -21       19
  SINCE MAR 1    503                       551    -48      327
  SINCE JUL 1   2877                      3042   -165     2096

 COOLING
  TODAY           13                         6      7        7
  MONTH TO DATE  176                        87     89       93
  SINCE MAR 1    194                       132     62      190
  SINCE JAN 1    196                       134     62      200
..................................................................


WIND (MPH)
  HIGHEST WIND SPEED    12   HIGHEST WIND DIRECTION     W (280)
  HIGHEST GUST SPEED    15   HIGHEST GUST DIRECTION     W (280)
  AVERAGE WIND SPEED     4.3


SKY COVER
  POSSIBLE SUNSHINE  MM
  AVERAGE SKY COVER 0.2


WEATHER CONDITIONS
 THE FOLLOWING WEATHER WAS RECORDED TODAY.
  FOG


RELATIVE HUMIDITY (PERCENT)
 HIGHEST   100           500 AM
 LOWEST     53           300 PM
 AVERAGE    77

..........................................................


THE DE QUEEN CLIMATE NORMALS FOR TOMORROW
                         NORMAL    RECORD    YEAR
 MAXIMUM TEMPERATURE (F)   82        91      2005
                                             1964
 MINIMUM TEMPERATURE (F)   60        43      1981


SUNRISE AND SUNSET
MAY 20 2018...........SUNRISE   613 AM CDT   SUNSET   816 PM CDT
MAY 21 2018...........SUNRISE   612 AM CDT   SUNSET   817 PM CDT


-  INDICATES NEGATIVE NUMBERS.
R  INDICATES RECORD WAS SET OR TIED.
MM INDICATES DATA IS MISSING.
T  INDICATES TRACE AMOUNT.




$$
