000
CDUS44 KFWD 230100
CLIDFW

CLIMATE REPORT
NATIONAL WEATHER SERVICE FORT WORTH TX
759 PM CDT TUE MAY 22 2018


...................................

...THE DALLAS FORT WORTH CLIMATE SUMMARY FOR MAY 22 2018...
VALID TODAY AS OF 0700 PM LOCAL TIME.

CLIMATE NORMAL PERIOD 1981 TO 2010
CLIMATE RECORD PERIOD 1898 TO 2018


WEATHER ITEM   OBSERVED TIME   RECORD YEAR NORMAL DEPARTURE LAST
                VALUE   (LST)  VALUE       VALUE  FROM      YEAR
                                                  NORMAL
..................................................................
TEMPERATURE (F)
 TODAY
  MAXIMUM         89    440 PM  99    2005  85      4       82
  MINIMUM         68    552 AM  51    1931  66      2       62
  AVERAGE         79

PRECIPITATION (IN)
  TODAY            0.00          1.62 1940   0.16  -0.16     0.18
  MONTH TO DATE    1.86                      3.50  -1.64     0.48
  SINCE MAR 1      5.53                     10.06  -4.53     4.92
  SINCE JAN 1     17.69                     14.85   2.84    11.64

..................................................................


WIND (MPH)
  HIGHEST WIND SPEED    18   HIGHEST WIND DIRECTION     S (180)
  HIGHEST GUST SPEED    22   HIGHEST GUST DIRECTION    SE (150)
  AVERAGE WIND SPEED     7.4




..........................................................


THE DALLAS FORT WORTH CLIMATE NORMALS FOR TOMORROW
                         NORMAL    RECORD    YEAR
 MAXIMUM TEMPERATURE (F)   86        96      1996
                                             1962
 MINIMUM TEMPERATURE (F)   66        50      1917


SUNRISE AND SUNSET
MAY 22 2018...........SUNRISE   625 AM CDT   SUNSET   825 PM CDT
MAY 23 2018...........SUNRISE   624 AM CDT   SUNSET   826 PM CDT


-  INDICATES NEGATIVE NUMBERS.
R  INDICATES RECORD WAS SET OR TIED.
MM INDICATES DATA IS MISSING.
T  INDICATES TRACE AMOUNT.




$$
