000
CDUS44 KAMA 242149
CLIDHT


CLIMATE REPORT
NATIONAL WEATHER SERVICE AMARILLO TX
447 PM CDT THU MAY 24 2018


...................................

...THE DALHART CLIMATE SUMMARY FOR MAY 24 2018...
VALID TODAY AS OF 0400 PM LOCAL TIME.

CLIMATE NORMAL PERIOD 1981 TO 2010
CLIMATE RECORD PERIOD 1948 TO 2018


WEATHER ITEM   OBSERVED TIME   RECORD YEAR NORMAL DEPARTURE LAST
                VALUE   (LST)  VALUE       VALUE  FROM      YEAR
                                                  NORMAL
..................................................................
TEMPERATURE (F)
 TODAY
  MAXIMUM         85    259 PM  96    1989  81      4       83
  MINIMUM         53    549 AM  40    2017  51      2       40
  AVERAGE         69                        66      3       62

PRECIPITATION (IN)
  TODAY            0.00          1.29 1993   0.08  -0.08     0.00
  MONTH TO DATE    1.04                      1.66  -0.62     1.30
  SINCE MAR 1      1.77                      3.91  -2.14     7.97
  SINCE JAN 1      1.78                      4.83  -3.05     9.05

SNOWFALL (IN)
  TODAY            0.0           0.0    MM   0.0    0.0      0.0
  MONTH TO DATE    0.0                       0.1   -0.1      0.0
  SINCE MAR 1      0.0                       5.5   -5.5     10.0
  SINCE JUL 1      2.3                      19.0  -16.7     11.3
  SNOW DEPTH       0

DEGREE DAYS
 HEATING
  TODAY            0                         2     -2        3
  MONTH TO DATE   23                       103    -80      118
  SINCE MAR 1    923                      1062   -139      817
  SINCE JUL 1   4110                      4705   -595     3634

 COOLING
  TODAY            4                         3      1        0
  MONTH TO DATE  116                        39     77       24
  SINCE MAR 1    121                        45     76       59
  SINCE JAN 1    121                        45     76       59
..................................................................


WIND (MPH)
  RESULTANT WIND SPEED  10   RESULTANT WIND DIRECTION  SW (210)
  HIGHEST WIND SPEED    23   HIGHEST WIND DIRECTION    SW (210)
  HIGHEST GUST SPEED    29   HIGHEST GUST DIRECTION    SW (210)
  AVERAGE WIND SPEED    10.9


SKY COVER
  AVERAGE SKY COVER 0.0


WEATHER CONDITIONS
 THE FOLLOWING WEATHER WAS RECORDED TODAY.
  NO SIGNIFICANT WEATHER WAS OBSERVED.


RELATIVE HUMIDITY (PERCENT)
 HIGHEST   100           500 AM
 LOWEST     37           200 PM
 AVERAGE    69

..........................................................


THE DALHART CLIMATE NORMALS FOR TOMORROW
                         NORMAL    RECORD    YEAR
 MAXIMUM TEMPERATURE (F)   81       100      2006
 MINIMUM TEMPERATURE (F)   52        36      1950


SUNRISE AND SUNSET
MAY 24 2018...........SUNRISE   638 AM CDT   SUNSET   856 PM CDT
MAY 25 2018...........SUNRISE   638 AM CDT   SUNSET   857 PM CDT


-  INDICATES NEGATIVE NUMBERS.
R  INDICATES RECORD WAS SET OR TIED.
MM INDICATES DATA IS MISSING.
T  INDICATES TRACE AMOUNT.




$$
