000
CDUS43 KBIS 270025
CLIDIK


CLIMATE REPORT
NATIONAL WEATHER SERVICE BISMARCK ND
725 PM CDT THU APR 26 2018


...................................

...THE DICKINSON ND CLIMATE SUMMARY FOR APRIL 26 2018...
VALID TODAY AS OF 0500 PM LOCAL TIME.

CLIMATE NORMAL PERIOD 1981 TO 2010
CLIMATE RECORD PERIOD 1893 TO 2018


WEATHER ITEM   OBSERVED TIME   RECORD YEAR NORMAL DEPARTURE LAST
                VALUE   (LST)  VALUE       VALUE  FROM      YEAR
                                                  NORMAL
..................................................................
TEMPERATURE (F)
 TODAY
  MAXIMUM         67    402 PM  87    1952  60      7       47
  MINIMUM         30    411 AM  16    1931  33     -3       24
  AVERAGE         49                        46      3       36

PRECIPITATION (IN)
  TODAY            0.00          2.29 1989   0.06  -0.06     0.00
  MONTH TO DATE    0.73                      1.20  -0.47     0.50
  SINCE MAR 1      1.44                      1.89  -0.45     0.84
  SINCE JAN 1      1.62                      2.52  -0.90     1.15

DEGREE DAYS
 HEATING
  TODAY           16                        19     -3       29
  MONTH TO DATE  835                       610    225      605
  SINCE MAR 1   1996                      1696    300     1618
  SINCE JUL 1   8514                      7990    524     7748

 COOLING
  TODAY            0                         0      0        0
  MONTH TO DATE    0                         0      0        0
  SINCE MAR 1      0                         0      0        0
  SINCE JAN 1      0                         0      0        0
..................................................................


WIND (MPH)
  RESULTANT WIND SPEED  11   RESULTANT WIND DIRECTION  NW (300)
  HIGHEST WIND SPEED    26   HIGHEST WIND DIRECTION    NW (300)
  HIGHEST GUST SPEED    32   HIGHEST GUST DIRECTION     W (290)
  AVERAGE WIND SPEED    11.6


SKY COVER
  POSSIBLE SUNSHINE  MM
  AVERAGE SKY COVER 0.0


WEATHER CONDITIONS
 THE FOLLOWING WEATHER WAS RECORDED TODAY.
  NO SIGNIFICANT WEATHER WAS OBSERVED.


RELATIVE HUMIDITY (PERCENT)
 HIGHEST    85           400 AM
 LOWEST     20           400 PM
 AVERAGE    53

..........................................................


THE DICKINSON ND CLIMATE NORMALS FOR TOMORROW
                         NORMAL    RECORD    YEAR
 MAXIMUM TEMPERATURE (F)   60        88      1910
 MINIMUM TEMPERATURE (F)   33        13      1907


SUNRISE AND SUNSET
APRIL 26 2018.........SUNRISE   544 AM MDT   SUNSET   755 PM MDT
APRIL 27 2018.........SUNRISE   543 AM MDT   SUNSET   756 PM MDT


-  INDICATES NEGATIVE NUMBERS.
R  INDICATES RECORD WAS SET OR TIED.
MM INDICATES DATA IS MISSING.
T  INDICATES TRACE AMOUNT.




$$
