000
CDUS46 KEKA 251447 CCA
CLIEKA

CLIMATE REPORT...CORRECTED AVERAGE WIND SPEED
NATIONAL WEATHER SERVICE EUREKA CA
513 AM PDT WED APR 25 2018


...................................

...THE EUREKA CA CLIMATE SUMMARY FOR APRIL 24 2018...

CLIMATE NORMAL PERIOD 1981 TO 2010
CLIMATE RECORD PERIOD 1886 TO 2018


WEATHER ITEM   OBSERVED RECORD YEAR NORMAL DEPARTURE LAST
                VALUE   VALUE       VALUE  FROM      YEAR
                                           NORMAL
...........................................................
TEMPERATURE (F)
 YESTERDAY
  MAXIMUM         59     70    2013  58      1       57
  MINIMUM         49     36    2008  45      4       48
  AVERAGE         54                 52      2       53

PRECIPITATION (IN)
  YESTERDAY        0.00   0.96 1983   0.09  -0.09     0.33
  MONTH TO DATE    3.78               2.80   0.98     4.78
  SINCE OCT 1     33.99              36.20  -2.21    60.13
  SINCE JAN 1     23.01              20.23   2.78    34.36

SNOWFALL (IN)
  YESTERDAY        0.0   MM      MM   0.0    0.0     MM
  MONTH TO DATE    0.0                0.0    0.0       T
  SINCE MAR 1      T                  0.0    0.0       T
  SINCE JUL 1      T                  0.2   -0.2       T
  SNOW DEPTH       0

DEGREE DAYS
 HEATING
  YESTERDAY       11                 13     -2       12
  MONTH TO DATE  330                346    -16      304
  SINCE MAR 1    840                822     18      734
  SINCE JUL 1   3641               3744   -103     3623

 COOLING
  YESTERDAY        0                  0      0        0
  MONTH TO DATE    0                  0      0        0
  SINCE MAR 1      0                  0      0        0
  SINCE JAN 1      0                  0      0        0
...........................................................


WIND (MPH)
  HIGHEST WIND SPEED    12   HIGHEST WIND DIRECTION     W (290)
  HIGHEST GUST SPEED    14   HIGHEST GUST DIRECTION     W (290)
  AVERAGE WIND SPEED     4.9


SKY COVER
  AVERAGE SKY COVER 0.9


WEATHER CONDITIONS
 THE FOLLOWING WEATHER WAS RECORDED YESTERDAY.
  FOG


..........................................................


THE EUREKA CA CLIMATE NORMALS FOR TODAY
                         NORMAL    RECORD    YEAR
 MAXIMUM TEMPERATURE (F)   58        72      1897
 MINIMUM TEMPERATURE (F)   45        37      1949
                                             1932


SUNRISE AND SUNSET
APRIL 25 2018.........SUNRISE   623 AM PDT   SUNSET   807 PM PDT
APRIL 26 2018.........SUNRISE   622 AM PDT   SUNSET   808 PM PDT


-  INDICATES NEGATIVE NUMBERS.
R  INDICATES RECORD WAS SET OR TIED.
MM INDICATES DATA IS MISSING.
T  INDICATES TRACE AMOUNT.




&&

..........................................................

TOTAL SEASON     NORMAL   % OF NORMAL     LAST SEASON

    33.99         36.20        94            60.13


$$
