000
CDUS41 KRLX 200717
CLIEKN


CLIMATE REPORT
NATIONAL WEATHER SERVICE CHARLESTON WV
317 AM EDT FRI APR 20 2018


...................................

...THE ELKINS WV CLIMATE SUMMARY FOR APRIL 19 2018...

CLIMATE NORMAL PERIOD 1981 TO 2010
CLIMATE RECORD PERIOD 1899 TO 2018


WEATHER ITEM   OBSERVED TIME   RECORD YEAR NORMAL DEPARTURE LAST
                VALUE   (LST)  VALUE       VALUE  FROM      YEAR
                                                  NORMAL
..................................................................
TEMPERATURE (F)
 YESTERDAY
  MAXIMUM         52   1248 AM  85    1976  64    -12       66
  MINIMUM         35    906 AM  20    1990  38     -3       51
  AVERAGE         44                        51     -7       59

PRECIPITATION (IN)
  YESTERDAY        0.18          1.50 1998   0.12   0.06     0.05
  MONTH TO DATE    4.28                      2.37   1.91     2.75
  SINCE JAN 1     19.55                     12.66   6.89    14.14

SNOWFALL (IN)
  YESTERDAY        T             1.5  1962   0.1   -0.1      0.0
                                      2001
  MONTH TO DATE    2.1                       4.8   -2.7      3.2
  SINCE SEP 1     65.0                      82.8  -17.8     44.5
  SNOW DEPTH       0

DEGREE DAYS
 HEATING
  YESTERDAY       21                        14      7        6
  MONTH TO DATE  373                       324     49      214
  SINCE MAR 1   1301                      1104    197      931
  SINCE JUL 1   5253                      5425   -172     4334

 COOLING
  YESTERDAY        0                         0      0        0
  MONTH TO DATE    1                         0      1        0
  SINCE MAR 1      1                         0      1        0
  SINCE JAN 1      1                         0      1        0
..................................................................


WIND (MPH)
  HIGHEST WIND SPEED    23   HIGHEST WIND DIRECTION    NW (300)
  HIGHEST GUST SPEED    35   HIGHEST GUST DIRECTION    SW (240)
  AVERAGE WIND SPEED    10.3


SKY COVER
  POSSIBLE SUNSHINE  MM
  AVERAGE SKY COVER 1.0


WEATHER CONDITIONS
 THE FOLLOWING WEATHER WAS RECORDED YESTERDAY.
  LIGHT RAIN
  LIGHT SNOW
  FOG


RELATIVE HUMIDITY (PERCENT)
 HIGHEST    93          1200 AM
 LOWEST     59           700 PM
 AVERAGE    76

..........................................................


THE ELKINS WV CLIMATE NORMALS FOR TODAY
                         NORMAL    RECORD    YEAR
 MAXIMUM TEMPERATURE (F)   65        88      1941
 MINIMUM TEMPERATURE (F)   38        14      1926


SUNRISE AND SUNSET
APRIL 20 2018.........SUNRISE   636 AM EDT   SUNSET   801 PM EDT
APRIL 21 2018.........SUNRISE   634 AM EDT   SUNSET   802 PM EDT


-  INDICATES NEGATIVE NUMBERS.
R  INDICATES RECORD WAS SET OR TIED.
MM INDICATES DATA IS MISSING.
T  INDICATES TRACE AMOUNT.




$$
