000
CDUS44 KSHV 230742
CLIELD


CLIMATE REPORT
NATIONAL WEATHER SERVICE SHREVEPORT, LA
241 AM CDT WED MAY 23 2018


...................................

...THE EL DORADO CLIMATE SUMMARY FOR MAY 22 2018...

CLIMATE NORMAL PERIOD 1981 TO 2010
CLIMATE RECORD PERIOD 1907 TO 2018


WEATHER ITEM   OBSERVED TIME   RECORD YEAR NORMAL DEPARTURE LAST
                VALUE   (LST)  VALUE       VALUE  FROM      YEAR
                                                  NORMAL
..................................................................
TEMPERATURE (F)
 YESTERDAY
  MAXIMUM         90    107 PM  94    1925  84      6       64
  MINIMUM         67    510 AM  43    1919  62      5       61
  AVERAGE         79                        73      6       63

PRECIPITATION (IN)
  YESTERDAY        T             2.06 1979   0.17  -0.17     0.28
  MONTH TO DATE    0.42                      3.61  -3.19     6.36
  SINCE DEC 1     32.01                     26.72   5.29    31.77
  SINCE JAN 1     26.38                     21.54   4.84    25.48

SNOWFALL (IN)
  YESTERDAY        0.0
  MONTH TO DATE    0.0
  SINCE MAR 1      0.0
  SINCE JUL 1      2.8
  SNOW DEPTH       0

DEGREE DAYS
 HEATING
  YESTERDAY        0                         0      0        2
  MONTH TO DATE    0                        16    -16       14
  SINCE MAR 1    413                       442    -29      268
  SINCE JUL 1   2515                      2670   -155     1720

 COOLING
  YESTERDAY       14                         8      6        0
  MONTH TO DATE  236                       130    106      107
  SINCE MAR 1    284                       223     61      253
  SINCE JAN 1    309                       229     80      280
..................................................................


WIND (MPH)
  HIGHEST WIND SPEED    14   HIGHEST WIND DIRECTION    SE (130)
  HIGHEST GUST SPEED    18   HIGHEST GUST DIRECTION    SE (130)
  AVERAGE WIND SPEED     2.3


SKY COVER
  POSSIBLE SUNSHINE  MM
  AVERAGE SKY COVER 0.1


WEATHER CONDITIONS
 THE FOLLOWING WEATHER WAS RECORDED YESTERDAY.
  THUNDERSTORM
  LIGHT RAIN


RELATIVE HUMIDITY (PERCENT)
 HIGHEST   100           100 AM
 LOWEST     55           100 PM
 AVERAGE    78

..........................................................


THE EL DORADO CLIMATE NORMALS FOR TODAY
                         NORMAL    RECORD    YEAR
 MAXIMUM TEMPERATURE (F)   84        95      1918
 MINIMUM TEMPERATURE (F)   62        47      1963


SUNRISE AND SUNSET
MAY 23 2018...........SUNRISE   607 AM CDT   SUNSET   810 PM CDT
MAY 24 2018...........SUNRISE   606 AM CDT   SUNSET   810 PM CDT


-  INDICATES NEGATIVE NUMBERS.
R  INDICATES RECORD WAS SET OR TIED.
MM INDICATES DATA IS MISSING.
T  INDICATES TRACE AMOUNT.




$$
