768
CDUS43 KTOP 260632
CLIEMP


CLIMATE REPORT
NATIONAL WEATHER SERVICE TOPEKA KS
132 AM CDT THU APR 26 2018


...................................

...THE EMPORIA KS CLIMATE SUMMARY FOR APRIL 25 2018...

CLIMATE NORMAL PERIOD 1981 TO 2010
CLIMATE RECORD PERIOD 9999 TO 9999


WEATHER ITEM   OBSERVED NORMAL DEPARTURE LAST
                VALUE   VALUE  FROM      YEAR
                               NORMAL
...............................................
TEMPERATURE (F)
 YESTERDAY
  MAXIMUM         52     71    -19       73
  MINIMUM         41     47     -6       47
  AVERAGE         47     59    -12       60

PRECIPITATION (IN)
  YESTERDAY        0.51   0.14   0.37     0.05
  MONTH TO DATE    1.57   2.57  -1.00     4.28
  SINCE MAR 1      3.76   5.10  -1.34     8.47
  SINCE JAN 1      5.09   6.96  -1.87    10.21

DEGREE DAYS
 HEATING
  YESTERDAY       18      7     11        5
  MONTH TO DATE  463    267    196      174
  SINCE MAR 1   1054    877    177      650
  SINCE JUL 1   4782   4699     83     3741

 COOLING
  YESTERDAY        0      1     -1        0
  MONTH TO DATE    4     19    -15       30
  SINCE MAR 1      4     21    -17       42
  SINCE JAN 1      4     21    -17       42
...............................................


WIND (MPH)
  HIGHEST WIND SPEED    18   HIGHEST WIND DIRECTION    NW (320)
  HIGHEST GUST SPEED    28   HIGHEST GUST DIRECTION     W (280)
  AVERAGE WIND SPEED     9.2


SKY COVER
  AVERAGE SKY COVER 0.9


WEATHER CONDITIONS
 THE FOLLOWING WEATHER WAS RECORDED YESTERDAY.
  RAIN
  LIGHT RAIN
  FOG


RELATIVE HUMIDITY (PERCENT)
 HIGHEST   100
 LOWEST     83
 AVERAGE    92

..........................................................


THE EMPORIA KS CLIMATE NORMALS FOR TODAY
                         NORMAL
 MAXIMUM TEMPERATURE (F)   71
 MINIMUM TEMPERATURE (F)   48


SUNRISE AND SUNSET
APRIL 26 2018.........SUNRISE   634 AM CDT   SUNSET   812 PM CDT
APRIL 27 2018.........SUNRISE   633 AM CDT   SUNSET   813 PM CDT


-  INDICATES NEGATIVE NUMBERS.
R  INDICATES RECORD WAS SET OR TIED.
MM INDICATES DATA IS MISSING.
T  INDICATES TRACE AMOUNT.




$$
