000
CDUS41 KCLE 200537
CLIERI


CLIMATE REPORT
NATIONAL WEATHER SERVICE CLEVELAND OH
125 AM EDT SUN MAY 20 2018


...................................

...THE ERIE PA CLIMATE SUMMARY FOR MAY 19 2018...

CLIMATE NORMAL PERIOD 1981 TO 2010
CLIMATE RECORD PERIOD 1873 TO 2018


WEATHER ITEM   OBSERVED TIME   RECORD YEAR NORMAL DEPARTURE LAST
                VALUE   (LST)  VALUE       VALUE  FROM      YEAR
                                                  NORMAL
..................................................................
TEMPERATURE (F)
 YESTERDAY
  MAXIMUM         79    416 PM  90    1996  68     11       69
  MINIMUM         59    649 AM  35    2002  49     10       50
                                      1954
  AVERAGE         69                        58     11       60

PRECIPITATION (IN)
  YESTERDAY        1.35                      0.11   1.24     0.01
  MONTH TO DATE    4.49                      2.06   2.43     3.21
  SINCE MAR 1     12.75                      8.34   4.41    10.68
  SINCE JAN 1     19.17                     13.68   5.49    18.10

SNOWFALL (IN)
  YESTERDAY        0.0                       0.0    0.0      0.0
  MONTH TO DATE    0.0                       0.0    0.0      0.0
  SINCE MAR 1     42.0                      16.9   25.1     10.3
  SINCE JUL 1    198.5                     100.9   97.6     78.6
  SNOW DEPTH       0

DEGREE DAYS
 HEATING
  YESTERDAY        0                         8     -8        5
  MONTH TO DATE   87                       195   -108      240
  SINCE MAR 1   1810                      1649    161     1516
  SINCE JUL 1   5988                      6014    -26     5020

 COOLING
  YESTERDAY        4                         1      3        0
  MONTH TO DATE   21                        14      7       27
  SINCE MAR 1     21                        21      0       36
  SINCE JAN 1     23                        21      2       36
..................................................................


WIND (MPH)
  HIGHEST WIND SPEED    30   HIGHEST WIND DIRECTION    SW (210)
  HIGHEST GUST SPEED    40   HIGHEST GUST DIRECTION     S (190)
  AVERAGE WIND SPEED    15.9


SKY COVER
  POSSIBLE SUNSHINE  MM
  AVERAGE SKY COVER 0.9


WEATHER CONDITIONS
 THE FOLLOWING WEATHER WAS RECORDED YESTERDAY.
  THUNDERSTORM
  HEAVY RAIN
  RAIN
  LIGHT RAIN
  FOG


RELATIVE HUMIDITY (PERCENT)
 HIGHEST    90          1000 PM
 LOWEST     61          1200 AM
 AVERAGE    76

..........................................................


THE ERIE PA CLIMATE NORMALS FOR TODAY
                         NORMAL    RECORD    YEAR
 MAXIMUM TEMPERATURE (F)   68        88      2013
                                             1962
 MINIMUM TEMPERATURE (F)   50        30      2002


SUNRISE AND SUNSET
MAY 20 2018...........SUNRISE   555 AM EDT   SUNSET   840 PM EDT
MAY 21 2018...........SUNRISE   555 AM EDT   SUNSET   841 PM EDT


-  INDICATES NEGATIVE NUMBERS.
R  INDICATES RECORD WAS SET OR TIED.
MM INDICATES DATA IS MISSING.
T  INDICATES TRACE AMOUNT.




$$
