000
CDUS43 KPAH 240629
CLIEVV


CLIMATE REPORT
NATIONAL WEATHER SERVICE PADUCAH KY
126 AM CDT TUE APR 24 2018


...................................

...THE EVANSVILLE IN CLIMATE SUMMARY FOR APRIL 23 2018...

CLIMATE NORMAL PERIOD 1981 TO 2010
CLIMATE RECORD PERIOD 1896 TO 2018


WEATHER ITEM   OBSERVED TIME   RECORD YEAR NORMAL DEPARTURE LAST
                VALUE   (LST)  VALUE       VALUE  FROM      YEAR
                                                  NORMAL
..................................................................
TEMPERATURE (F)
 YESTERDAY
  MAXIMUM         67    326 PM  89    1925  70     -3       73
  MINIMUM         50    406 AM  29    1986  47      3       46
  AVERAGE         59                        59      0       60

PRECIPITATION (IN)
  YESTERDAY        0.47          3.95 1955   0.15   0.32     0.00
  MONTH TO DATE    3.51                      3.24   0.27     3.24
  SINCE MAR 1      8.73                      7.48   1.25     7.09
  SINCE JAN 1     20.94                     13.75   7.19    10.36

SNOWFALL (IN)
  YESTERDAY        0.0           T    1953   0.0    0.0      0.0
  MONTH TO DATE    0.3                       0.1    0.2      0.0
  SINCE MAR 1      4.1                       1.1    3.0      1.0
  SINCE JUL 1     12.1                      11.8    0.3      1.4
  SNOW DEPTH       0

DEGREE DAYS
 HEATING
  YESTERDAY        6                         7     -1        5
  MONTH TO DATE  379                       245    134      110
  SINCE MAR 1   1026                       837    189      608
  SINCE JUL 1   4412                      4411      1     3307

 COOLING
  YESTERDAY        0                         1     -1        0
  MONTH TO DATE    8                        15     -7       48
  SINCE MAR 1      8                        18    -10       53
  SINCE JAN 1     15                        18     -3       53
..................................................................


WIND (MPH)
  HIGHEST WIND SPEED    21   HIGHEST WIND DIRECTION    NE (50)
  HIGHEST GUST SPEED    28   HIGHEST GUST DIRECTION    NE (50)
  AVERAGE WIND SPEED     9.3


SKY COVER
  AVERAGE SKY COVER 0.9


WEATHER CONDITIONS
 THE FOLLOWING WEATHER WAS RECORDED YESTERDAY.
  THUNDERSTORM
  HEAVY RAIN
  RAIN
  LIGHT RAIN
  FOG


RELATIVE HUMIDITY (PERCENT)
 HIGHEST   100
 LOWEST     72
 AVERAGE    86

..........................................................


THE EVANSVILLE IN CLIMATE NORMALS FOR TODAY
                         NORMAL    RECORD    YEAR
 MAXIMUM TEMPERATURE (F)   71        89      1925
 MINIMUM TEMPERATURE (F)   47        30      1963
                                             1910


SUNRISE AND SUNSET
APRIL 24 2018.........SUNRISE   603 AM CDT   SUNSET   735 PM CDT
APRIL 25 2018.........SUNRISE   601 AM CDT   SUNSET   736 PM CDT


-  INDICATES NEGATIVE NUMBERS.
R  INDICATES RECORD WAS SET OR TIED.
MM INDICATES DATA IS MISSING.
T  INDICATES TRACE AMOUNT.




$$
