000
CDUS43 KIND 210531
CLIEYE


CLIMATE REPORT
NATIONAL WEATHER SERVICE INDIANAPOLIS IN
131 AM EDT MON MAY 21 2018


...................................

...THE INDIANAPOLIS EAGLE CREEK IN CLIMATE SUMMARY FOR MAY 20 2018...

CLIMATE NORMAL PERIOD 1981 TO 2010
CLIMATE RECORD PERIOD 9999 TO 9999


WEATHER ITEM   OBSERVED TIME   NORMAL DEPARTURE LAST
                VALUE   (LST)  VALUE  FROM      YEAR
                                      NORMAL
......................................................
TEMPERATURE (F)
 YESTERDAY
  MAXIMUM         84    315 PM  74     10       78
  MINIMUM         63    556 AM  54      9       54
  AVERAGE         74            64     10       66

PRECIPITATION (IN)
  YESTERDAY        T             0.17  -0.17     0.94
  MONTH TO DATE    1.94          3.78  -1.84     5.35
  SINCE MAR 1      9.26         10.98  -1.72    14.89
  SINCE JAN 1     15.27         15.32  -0.05    20.05

DEGREE DAYS
 HEATING
  YESTERDAY        0             4     -4        0
  MONTH TO DATE    7           111   -104      125
  SINCE MAR 1   1339          1181    158      969
  SINCE JUL 1   5223          5306    -83     4229

 COOLING
  YESTERDAY        9             3      6        1
  MONTH TO DATE  108            31     77       50
  SINCE MAR 1    115            46     69       83
  SINCE JAN 1    121            46     75       83
......................................................


WIND (MPH)
  HIGHEST WIND SPEED    12   HIGHEST WIND DIRECTION     N (360)
  HIGHEST GUST SPEED    16   HIGHEST GUST DIRECTION    NW (330)
  AVERAGE WIND SPEED     4.6


SKY COVER
  AVERAGE SKY COVER 0.2


WEATHER CONDITIONS
 THE FOLLOWING WEATHER WAS RECORDED YESTERDAY.
  LIGHT RAIN
  FOG
  HAZE


RELATIVE HUMIDITY (PERCENT)
 HIGHEST    93           200 AM
 LOWEST     51           400 PM
 AVERAGE    72

..........................................................


THE INDIANAPOLIS EAGLE CREEK IN CLIMATE NORMALS FOR TODAY
                         NORMAL
 MAXIMUM TEMPERATURE (F)   74
 MINIMUM TEMPERATURE (F)   55


SUNRISE AND SUNSET
MAY 21 2018...........SUNRISE   625 AM EDT   SUNSET   859 PM EDT
MAY 22 2018...........SUNRISE   625 AM EDT   SUNSET   900 PM EDT


-  INDICATES NEGATIVE NUMBERS.
R  INDICATES RECORD WAS SET OR TIED.
MM INDICATES DATA IS MISSING.
T  INDICATES TRACE AMOUNT.




$$
