424
CDUS43 KFGF 260634
CLIFGF


CLIMATE REPORT
NATIONAL WEATHER SERVICE EASTERN NORTH DAKOTA/GRAND FORKS
133 AM CDT SAT MAY 26 2018


...................................

...THE GRAND FORKS UNIV. (NWS) ND CLIMATE SUMMARY FOR MAY 25 2018...

CLIMATE NORMAL PERIOD 1981 TO 2010
CLIMATE RECORD PERIOD 1893 TO 2018


WEATHER ITEM   OBSERVED TIME   RECORD YEAR NORMAL DEPARTURE LAST
                VALUE   (LST)  VALUE       VALUE  FROM      YEAR
                                                  NORMAL
..................................................................
TEMPERATURE (F)
 YESTERDAY
  MAXIMUM         93R       MM  90    1980  71     22       70
                                      1959
  MINIMUM         63        MM  29    1893  47     16       49
  AVERAGE         78                        59     19       60

PRECIPITATION (IN)
  YESTERDAY        0.00          0.92 2009   0.10  -0.10      T
  MONTH TO DATE    1.34                      2.10  -0.76     0.94
  SINCE MAR 1      3.38                      4.10  -0.72     3.26
  SINCE JAN 1      4.51                      5.40  -0.89     4.36

SNOWFALL (IN)
  YESTERDAY        0.0           T    1936   0.0    0.0      0.0
  MONTH TO DATE    0.0                       0.1   -0.1      0.0
  SINCE MAR 1     18.4                       8.1   10.3      6.8
  SINCE JUL 1     57.0                      43.4   13.6     49.7
  SNOW DEPTH       0

DEGREE DAYS
 HEATING
  YESTERDAY        0                         7     -7        5
  MONTH TO DATE  177                       272    -95      242
  SINCE MAR 1   2301                      2127    174     2075
  SINCE JUL 1   9281                      9087    194     8023

 COOLING
  YESTERDAY       13                         1     12        0
  MONTH TO DATE   44                        20     24        0
  SINCE MAR 1     44                        23     21        0
  SINCE JAN 1     44                        23     21        0
..................................................................


WIND (MPH)
  RESULTANT WIND SPEED  MM   RESULTANT WIND DIRECTION  MM
  HIGHEST WIND SPEED    MM   HIGHEST WIND DIRECTION    MM
  HIGHEST GUST SPEED    MM   HIGHEST GUST DIRECTION    MM
  AVERAGE WIND SPEED    MM


SKY COVER
  POSSIBLE SUNSHINE  MM
  AVERAGE SKY COVER  MM


WEATHER CONDITIONS
 THE FOLLOWING WEATHER WAS RECORDED YESTERDAY.
  NO SIGNIFICANT WEATHER WAS OBSERVED.


RELATIVE HUMIDITY (PERCENT)
 HIGHEST    MM
 LOWEST     MM
 AVERAGE    MM

..........................................................


THE GRAND FORKS UNIV. (NWS) ND CLIMATE NORMALS FOR TODAY
                         NORMAL    RECORD    YEAR
 MAXIMUM TEMPERATURE (F)   71        92      1931
 MINIMUM TEMPERATURE (F)   47        30      1893


SUNRISE AND SUNSET
MAY 26 2018...........SUNRISE   538 AM CDT   SUNSET   914 PM CDT
MAY 27 2018...........SUNRISE   537 AM CDT   SUNSET   915 PM CDT


-  INDICATES NEGATIVE NUMBERS.
R  INDICATES RECORD WAS SET OR TIED.
MM INDICATES DATA IS MISSING.
T  INDICATES TRACE AMOUNT.




$$
