196
CDUS42 KTBW 212123
CLIFMY


CLIMATE REPORT
NATIONAL WEATHER SERVICE TAMPA BAY FL
519 PM EDT MON MAY 21 2018


...................................

...THE FORT MYERS CLIMATE SUMMARY FOR MAY 21 2018...
VALID TODAY AS OF 0500 PM LOCAL TIME.

CLIMATE NORMAL PERIOD 1981 TO 2010
CLIMATE RECORD PERIOD 1902 TO 2018


WEATHER ITEM   OBSERVED TIME   RECORD YEAR NORMAL DEPARTURE LAST
                VALUE   (LST)  VALUE       VALUE  FROM      YEAR
                                                  NORMAL
..................................................................
TEMPERATURE (F)
 TODAY
  MAXIMUM         85   1203 PM  96    1998  90     -5       95
  MINIMUM         72    537 AM  54    1917  70      2       72
  AVERAGE         79                        80     -1       84

PRECIPITATION (IN)
  TODAY            0.00          5.33 1980   0.10  -0.10     0.15
  MONTH TO DATE    3.52                      1.38   2.14     0.54
  SINCE MAR 1      5.01                      6.44  -1.43     3.32
  SINCE JAN 1      7.05                     10.53  -3.48     5.57

DEGREE DAYS
 HEATING
  TODAY            0                         0      0        0
  MONTH TO DATE    0                         0      0        0
  SINCE MAR 1     22                        27     -5       11
  SINCE JUL 1    208                       287    -79       76

 COOLING
  TODAY           14                        15     -1       19
  MONTH TO DATE  299                       277     22      319
  SINCE MAR 1    808                       722     86      767
  SINCE JAN 1   1172                       907    265     1109
..................................................................


WIND (MPH)
  RESULTANT WIND SPEED   9   RESULTANT WIND DIRECTION  SE (130)
  HIGHEST WIND SPEED    18   HIGHEST WIND DIRECTION    SE (140)
  HIGHEST GUST SPEED    25   HIGHEST GUST DIRECTION    SE (140)
  AVERAGE WIND SPEED     9.2


SKY COVER
  POSSIBLE SUNSHINE  MM
  AVERAGE SKY COVER 0.7


WEATHER CONDITIONS
 THE FOLLOWING WEATHER WAS RECORDED TODAY.
  NO SIGNIFICANT WEATHER WAS OBSERVED.


RELATIVE HUMIDITY (PERCENT)
 HIGHEST   100          1200 AM
 LOWEST     65          1200 PM

..........................................................


THE FORT MYERS CLIMATE NORMALS FOR TOMORROW
                         NORMAL    RECORD    YEAR
 MAXIMUM TEMPERATURE (F)   90        96      2011
                                             1951
 MINIMUM TEMPERATURE (F)   70        56      1919


SUNRISE AND SUNSET
MAY 21 2018...........SUNRISE   638 AM EDT   SUNSET   811 PM EDT
MAY 22 2018...........SUNRISE   637 AM EDT   SUNSET   811 PM EDT


-  INDICATES NEGATIVE NUMBERS.
R  INDICATES RECORD WAS SET OR TIED.
MM INDICATES DATA IS MISSING.
T  INDICATES TRACE AMOUNT.




$$


&&
------------------------------------------------------------------
******************** SUPPLEMENTAL DATA ***************************

...GULF WATER TEMPERATURE AT FORT MYERS BEACH 81 DEGREES
