000
CDUS44 KTSA 220818
CLIFSM

CLIMATE REPORT
NATIONAL WEATHER SERVICE TULSA OK
146 AM CDT SUN APR 22 2018


...................................

...THE FORT SMITH ARKANSAS CLIMATE SUMMARY FOR APRIL 21 2018...

CLIMATE NORMAL PERIOD 1981 TO 2010
CLIMATE RECORD PERIOD 1882 TO 2018


WEATHER ITEM   OBSERVED TIME   RECORD YEAR NORMAL DEPARTURE LAST
                VALUE   (LST)  VALUE       VALUE  FROM      YEAR
                                                  NORMAL
..................................................................
TEMPERATURE (F)
 YESTERDAY
  MAXIMUM         69   1224 PM  91    1965  75     -6       67
  MINIMUM         49    327 AM  34    1978  51     -2       57
  AVERAGE         59                        63     -4       62

PRECIPITATION (IN)
  YESTERDAY        0.32          1.78 2017   0.15   0.17     1.78
  MONTH TO DATE    2.74                      2.87  -0.13     3.81
  SINCE MAR 1      5.81                      6.72  -0.91     7.56
  SINCE JAN 1     15.07                     12.29   2.78    12.38

SNOWFALL (IN)
  YESTERDAY       MM                                         0.0
  MONTH TO DATE    0.0                                       0.0
  SINCE MAR 1      0.0                                       0.0
  SINCE JUL 1      T                                         2.0

DEGREE DAYS
 HEATING
  YESTERDAY        6                         4      2        3
  MONTH TO DATE  227                       128     99       35
  SINCE MAR 1    539                       514     25      296
  SINCE JUL 1   3014                      3187   -173     2205

 COOLING
  YESTERDAY        0                         2     -2        0
  MONTH TO DATE    7                        32    -25       70
  SINCE MAR 1     13                        43    -30      104
  SINCE JAN 1     15                        44    -29      120
..................................................................


WIND (MPH)
  HIGHEST WIND SPEED    17   HIGHEST WIND DIRECTION     E (110)
  HIGHEST GUST SPEED    23   HIGHEST GUST DIRECTION     E (110)
  AVERAGE WIND SPEED     8.0


SKY COVER
  POSSIBLE SUNSHINE  MM
  AVERAGE SKY COVER 0.4


WEATHER CONDITIONS
 THE FOLLOWING WEATHER WAS RECORDED YESTERDAY.
  THUNDERSTORM
  RAIN
  LIGHT RAIN
  FOG


RELATIVE HUMIDITY (PERCENT)
 HIGHEST    93           600 PM
 LOWEST     42          1100 AM
 AVERAGE    68

..........................................................


THE FORT SMITH ARKANSAS CLIMATE NORMALS FOR TODAY
                         NORMAL    RECORD    YEAR
 MAXIMUM TEMPERATURE (F)   75        92      1989
                                             1965
                                             1955
 MINIMUM TEMPERATURE (F)   52        33      1982


SUNRISE AND SUNSET
APRIL 22 2018.........SUNRISE   636 AM CDT   SUNSET   756 PM CDT
APRIL 23 2018.........SUNRISE   635 AM CDT   SUNSET   757 PM CDT


-  INDICATES NEGATIVE NUMBERS.
R  INDICATES RECORD WAS SET OR TIED.
MM INDICATES DATA IS MISSING.
T  INDICATES TRACE AMOUNT.




$$

&&
...........................................................

THE ARKANSAS RIVER AT VAN BUREN

                   OBSERVED      24 HOUR     24 HOUR
                    VALUE        CHANGE      FORECAST

 STAGE (FEET)
  THIS MORNING       19.3         -0.5

 MEAN FLOW (CFS)
  TODAY                                        1004
...........................................................
ALL DATA MEASURED AT THE FORT SMITH REGIONAL AIRPORT
