000
CDUS44 KTSA 270813 RRA
CLIFYV

CLIMATE REPORT
NATIONAL WEATHER SERVICE TULSA OK
312 AM CDT SUN MAY 27 2018


...................................

...THE FAYETTEVILLE ARKANSAS CLIMATE SUMMARY FOR MAY 26 2018...

CLIMATE NORMAL PERIOD 1981 TO 2010
CLIMATE RECORD PERIOD 1905 TO 2018


WEATHER ITEM   OBSERVED TIME   RECORD YEAR NORMAL DEPARTURE LAST
                VALUE   (LST)  VALUE       VALUE  FROM      YEAR
                                                  NORMAL
..................................................................
TEMPERATURE (F)
 YESTERDAY
  MAXIMUM         88    425 PM  90    2012  78     10       85
                                      1953
  MINIMUM         60    502 AM  38    1988  57      3       68
  AVERAGE         74                        68      6       77

PRECIPITATION (IN)
  YESTERDAY        0.00                      0.19  -0.19      T
  MONTH TO DATE    5.55                      5.13   0.42     4.67
  SINCE MAR 1     12.49                     13.65  -1.16    23.48
  SINCE JAN 1     22.11                     19.30   2.81    26.98

DEGREE DAYS
 COOLING
  YESTERDAY        9                         4      5       12
  MONTH TO DATE  171                        62    109       45
  SINCE MAR 1    179                        90     89       77
  SINCE JAN 1    182                        90     92       82
..................................................................


WIND (MPH)
  HIGHEST WIND SPEED    10   HIGHEST WIND DIRECTION     E (90)
  HIGHEST GUST SPEED    15   HIGHEST GUST DIRECTION    SE (120)
  AVERAGE WIND SPEED     2.4


SKY COVER
  POSSIBLE SUNSHINE  MM
  AVERAGE SKY COVER 0.2


WEATHER CONDITIONS
 THE FOLLOWING WEATHER WAS RECORDED YESTERDAY.
  FOG
  FOG W/VISIBILITY <= 1/4 MILE


RELATIVE HUMIDITY (PERCENT)
 HIGHEST   100          1200 AM
 LOWEST     46           200 PM
 AVERAGE    73

..........................................................


THE FAYETTEVILLE ARKANSAS CLIMATE NORMALS FOR TODAY
                         NORMAL    RECORD    YEAR
 MAXIMUM TEMPERATURE (F)   79        91      2012
 MINIMUM TEMPERATURE (F)   57        37      1961


SUNRISE AND SUNSET
MAY 27 2018...........SUNRISE   603 AM CDT   SUNSET   825 PM CDT
MAY 28 2018...........SUNRISE   603 AM CDT   SUNSET   825 PM CDT


-  INDICATES NEGATIVE NUMBERS.
R  INDICATES RECORD WAS SET OR TIED.
MM INDICATES DATA IS MISSING.
T  INDICATES TRACE AMOUNT.




$$
