000
CDUS43 KDDC 201429
CLIGCK


CLIMATE REPORT
NATIONAL WEATHER SERVICE DODGE CITY KS
929 AM CDT FRI APR 20 2018


...................................

...THE GARDEN CITY REGIONAL ARPT KS CLIMATE SUMMARY FOR APRIL 20 2018...
VALID AS OF 0900 AM LOCAL TIME.

CLIMATE NORMAL PERIOD 1981 TO 2010
CLIMATE RECORD PERIOD 1948 TO 2018


WEATHER ITEM   OBSERVED TIME   RECORD YEAR NORMAL DEPARTURE LAST
                VALUE   (LST)  VALUE       VALUE  FROM      YEAR
                                                  NORMAL
..................................................................
TEMPERATURE (F)
 TODAY
  MAXIMUM         47   1249 AM  91    1989  69    -22       71
  MINIMUM         41    635 AM  22    1966  40      1       52
  AVERAGE         44                        54    -10       62

PRECIPITATION (IN)
  TODAY            0.00          1.10 1984   0.06  -0.06     0.00
  MONTH TO DATE    0.07                      1.06  -0.99     1.15
  SINCE MAR 1      0.45                      2.52  -2.07     3.65
  SINCE JAN 1      0.45                      3.40  -2.95     4.94

..................................................................


WIND (MPH)
  HIGHEST WIND SPEED    28   HIGHEST WIND DIRECTION    SE (150)
  HIGHEST GUST SPEED    37   HIGHEST GUST DIRECTION    SE (140)



WEATHER CONDITIONS
 THE FOLLOWING WEATHER WAS RECORDED TODAY.
  NO SIGNIFICANT WEATHER WAS OBSERVED.


RELATIVE HUMIDITY (PERCENT)
 HIGHEST    57           500 AM
 LOWEST     45          1200 AM

..........................................................


THE GARDEN CITY REGIONAL ARPT KS CLIMATE NORMALS FOR TOMORROW
                         NORMAL    RECORD    YEAR
 MAXIMUM TEMPERATURE (F)   69        93      1989
 MINIMUM TEMPERATURE (F)   41        23      1982


SUNRISE AND SUNSET
APRIL 20 2018.........SUNRISE   701 AM CDT   SUNSET   823 PM CDT
APRIL 21 2018.........SUNRISE   659 AM CDT   SUNSET   824 PM CDT


-  INDICATES NEGATIVE NUMBERS.
R  INDICATES RECORD WAS SET OR TIED.
MM INDICATES DATA IS MISSING.
T  INDICATES TRACE AMOUNT.




$$
