000
CDUS43 KIND 270540
CLIGEZ


CLIMATE REPORT
NATIONAL WEATHER SERVICE INDIANAPOLIS IN
140 AM EDT FRI APR 27 2018


...................................

...THE SHELBYVILLE IN CLIMATE SUMMARY FOR APRIL 26 2018...

CLIMATE NORMAL PERIOD 1981 TO 2010
CLIMATE RECORD PERIOD 9999 TO 9999


WEATHER ITEM   OBSERVED TIME   NORMAL DEPARTURE LAST
                VALUE   (LST)  VALUE  FROM      YEAR
                                      NORMAL
......................................................
TEMPERATURE (F)
 YESTERDAY
  MAXIMUM         67    501 PM  67      0       86
  MINIMUM         37    619 AM  46     -9       60
  AVERAGE         52            56     -4       73

PRECIPITATION (IN)
  YESTERDAY        0.00          0.17  -0.17     0.00
  MONTH TO DATE    4.54          3.57   0.97     1.28
  SINCE MAR 1      8.27          7.00   1.27     4.96
  SINCE JAN 1     16.45         11.75   4.70    10.40

DEGREE DAYS
 HEATING
  YESTERDAY       13             9      4        0
  MONTH TO DATE  459           343    116      168
  SINCE MAR 1   1244          1063    181      792
  SINCE JUL 1   5152          5226    -74     3975

 COOLING
  YESTERDAY        0             0      0        8
  MONTH TO DATE    8             0      8       49
  SINCE MAR 1      8             1      7       53
  SINCE JAN 1     13             1     12       53
......................................................


WIND (MPH)
  HIGHEST WIND SPEED    10   HIGHEST WIND DIRECTION     N (360)
  HIGHEST GUST SPEED    15   HIGHEST GUST DIRECTION    NW (320)
  AVERAGE WIND SPEED     3.8


SKY COVER
  AVERAGE SKY COVER 0.0


WEATHER CONDITIONS
 THE FOLLOWING WEATHER WAS RECORDED YESTERDAY.
  NO SIGNIFICANT WEATHER WAS OBSERVED.


RELATIVE HUMIDITY (PERCENT)
 HIGHEST    76           300 AM
 LOWEST     28           300 PM
 AVERAGE    52

..........................................................


THE SHELBYVILLE IN CLIMATE NORMALS FOR TODAY
                         NORMAL
 MAXIMUM TEMPERATURE (F)   67
 MINIMUM TEMPERATURE (F)   46


SUNRISE AND SUNSET
APRIL 27 2018.........SUNRISE   649 AM EDT   SUNSET   833 PM EDT
APRIL 28 2018.........SUNRISE   648 AM EDT   SUNSET   834 PM EDT


-  INDICATES NEGATIVE NUMBERS.
R  INDICATES RECORD WAS SET OR TIED.
MM INDICATES DATA IS MISSING.
T  INDICATES TRACE AMOUNT.




$$
