000
CDUS44 KSHV 242147
CLIGGG


CLIMATE REPORT
NATIONAL WEATHER SERVICE SHREVEPORT, LA
445 PM CDT TUE APR 24 2018


...................................

...THE LONGVIEW CLIMATE SUMMARY FOR APRIL 24 2018...
VALID TODAY AS OF 0400 PM LOCAL TIME.

CLIMATE NORMAL PERIOD 1981 TO 2010
CLIMATE RECORD PERIOD 1902 TO 2018


WEATHER ITEM   OBSERVED TIME   RECORD YEAR NORMAL DEPARTURE LAST
                VALUE   (LST)  VALUE       VALUE  FROM      YEAR
                                                  NORMAL
..................................................................
TEMPERATURE (F)
 TODAY
  MAXIMUM         81    259 PM  92    1935  78      3       79
  MINIMUM         50    554 AM  38    2005  56     -6       45
  AVERAGE         66                        67     -1       62

PRECIPITATION (IN)
  TODAY            0.00          5.71 1966   0.11  -0.11     0.00
  MONTH TO DATE    4.82                      2.54   2.28     5.65
  SINCE DEC 1     28.47                     18.74   9.73    20.87
  SINCE JAN 1     23.14                     14.25   8.89    16.07

SNOWFALL (IN)
  TODAY            0.0
  MONTH TO DATE    0.0
  SINCE MAR 1      0.0
  SINCE JUL 1      1.5
  SNOW DEPTH       0

DEGREE DAYS
 HEATING
  TODAY            0                         1     -1        3
  MONTH TO DATE  130                        83     47       28
  SINCE MAR 1    276                       338    -62      175
  SINCE JUL 1   2070                      2242   -172     1276

 COOLING
  TODAY            1                         4     -3        0
  MONTH TO DATE   37                        61    -24      114
  SINCE MAR 1     99                        88     11      212
  SINCE JAN 1    135                       100     35      283
..................................................................


WIND (MPH)
  HIGHEST WIND SPEED    14   HIGHEST WIND DIRECTION    NW (320)
  HIGHEST GUST SPEED    19   HIGHEST GUST DIRECTION    NW (320)
  AVERAGE WIND SPEED     5.6


SKY COVER
  POSSIBLE SUNSHINE  MM
  AVERAGE SKY COVER 0.0


WEATHER CONDITIONS
 THE FOLLOWING WEATHER WAS RECORDED TODAY.
  NO SIGNIFICANT WEATHER WAS OBSERVED.


RELATIVE HUMIDITY (PERCENT)
 HIGHEST   100           100 AM
 LOWEST     36           300 PM
 AVERAGE    68

..........................................................


THE LONGVIEW CLIMATE NORMALS FOR TOMORROW
                         NORMAL    RECORD    YEAR
 MAXIMUM TEMPERATURE (F)   79        90      1943
 MINIMUM TEMPERATURE (F)   56        35      1910


SUNRISE AND SUNSET
APRIL 24 2018.........SUNRISE   639 AM CDT   SUNSET   755 PM CDT
APRIL 25 2018.........SUNRISE   638 AM CDT   SUNSET   756 PM CDT


-  INDICATES NEGATIVE NUMBERS.
R  INDICATES RECORD WAS SET OR TIED.
MM INDICATES DATA IS MISSING.
T  INDICATES TRACE AMOUNT.




$$
