070
CDUS45 KGGW 211233
CLIGGW


CLIMATE REPORT
NATIONAL WEATHER SERVICE GLASGOW MT
633 AM MDT MON MAY 21 2018


...................................

...THE GLASGOW MT CLIMATE SUMMARY FOR MAY 21 2018...
VALID AS OF 0600 AM LOCAL TIME.

CLIMATE NORMAL PERIOD 1981 TO 2010
CLIMATE RECORD PERIOD 1893 TO 2018


WEATHER ITEM   OBSERVED TIME   RECORD YEAR NORMAL DEPARTURE LAST
                VALUE   (LST)  VALUE       VALUE  FROM      YEAR
                                                  NORMAL
..................................................................
TEMPERATURE (F)
 TODAY
  MINIMUM         48    500 AM  28    2001  44      4       44
                                      1924

PRECIPITATION (IN)
  TODAY            0.00          1.14 1954   0.07  -0.07     0.05
  MONTH TO DATE    0.77                      1.15  -0.38     0.52
  SINCE OCT 1      5.38                      4.60   0.78     6.08
  SINCE JAN 1      3.58                      3.05   0.53     2.55

SNOWFALL (IN)
  TODAY            0.0           T    1974   0.0    0.0      0.0
  MONTH TO DATE    0.0                       1.0   -1.0      0.0
  SINCE MAR 1     25.3                       7.6   17.7      6.2
  SINCE JUL 1     63.4                      34.6   28.8     37.7
  SNOW DEPTH       0

DEGREE DAYS
 HEATING
  TODAY           14                         9      5        6
  MONTH TO DATE  139                       249   -110      203
  SINCE MAR 1   2160                      1886    274     1740
  SINCE JUL 1   9026                      8256    770     7847

 COOLING
  TODAY            0                         1     -1        0
  MONTH TO DATE   14                         1     13       15
  SINCE MAR 1     14                         2     12       15
  SINCE JAN 1     14                         2     12       15
..................................................................





WEATHER CONDITIONS
 THE FOLLOWING WEATHER WAS RECORDED TODAY.
  NO SIGNIFICANT WEATHER WAS OBSERVED.


RELATIVE HUMIDITY (PERCENT)
 HIGHEST    77           300 AM

..........................................................


THE GLASGOW MT CLIMATE NORMALS FOR TOMORROW
                         NORMAL    RECORD    YEAR
 MAXIMUM TEMPERATURE (F)   69        99      1980
 MINIMUM TEMPERATURE (F)   45        28      1903


SUNRISE AND SUNSET
MAY 21 2018...........SUNRISE   520 AM MDT   SUNSET   847 PM MDT
MAY 22 2018...........SUNRISE   519 AM MDT   SUNSET   848 PM MDT


-  INDICATES NEGATIVE NUMBERS.
R  INDICATES RECORD WAS SET OR TIED.
MM INDICATES DATA IS MISSING.
T  INDICATES TRACE AMOUNT.




$$
