000
CDUS45 KGJT 252331
CLIGJT


CLIMATE REPORT
NATIONAL WEATHER SERVICE GRAND JUNCTION CO
526 PM MDT FRI MAY 25 2018


...................................

...THE GRAND JUNCTION CO CLIMATE SUMMARY FOR MAY 25 2018...
VALID TODAY AS OF 0500 PM LOCAL TIME.

CLIMATE NORMAL PERIOD 1981 TO 2010
CLIMATE RECORD PERIOD 1893 TO 2018


WEATHER ITEM   OBSERVED TIME   RECORD YEAR NORMAL DEPARTURE LAST
                VALUE   (LST)  VALUE       VALUE  FROM      YEAR
                                                  NORMAL
..................................................................
TEMPERATURE (F)
 TODAY
  MAXIMUM         93R   323 PM  92    2006  79     14       82
                                      2001
  MINIMUM         53    518 AM  36    2010  50      3       59
  AVERAGE         73                        64      9       71

PRECIPITATION (IN)
  TODAY            0.00          0.83 1997   0.03  -0.03      T
  MONTH TO DATE    0.19                      0.74  -0.55     0.66
  SINCE MAR 1      1.47                      2.57  -1.10     1.28
  SINCE JAN 1      2.95                      3.69  -0.74     2.83

SNOWFALL (IN)
  TODAY            0.0           0.0  2017   0.0    0.0      0.0
  MONTH TO DATE    0.0                       0.1   -0.1       T
  SINCE MAR 1      0.2                       3.6   -3.4       T
  SINCE JUL 1      9.0                      19.1  -10.1     13.9
  SNOW DEPTH       0

DEGREE DAYS
 HEATING
  TODAY            0                         3     -3        0
  MONTH TO DATE   64                       140    -76      156
  SINCE MAR 1    987                      1195   -208      969
  SINCE JUL 1   4957                      5574   -617     4616

 COOLING
  TODAY            8                         2      6        6
  MONTH TO DATE   50                        30     20       26
  SINCE MAR 1     52                        33     19       27
  SINCE JAN 1     52                        33     19       27
..................................................................


WIND (MPH)
  HIGHEST WIND SPEED    22   HIGHEST WIND DIRECTION    SW (240)
  HIGHEST GUST SPEED    29   HIGHEST GUST DIRECTION     S (190)
  AVERAGE WIND SPEED    11.6


SKY COVER
  POSSIBLE SUNSHINE  MM
  AVERAGE SKY COVER 0.0


WEATHER CONDITIONS
 THE FOLLOWING WEATHER WAS RECORDED TODAY.
  NO SIGNIFICANT WEATHER WAS OBSERVED.


RELATIVE HUMIDITY (PERCENT)
 HIGHEST    32           500 AM
 LOWEST      5           300 PM
 AVERAGE    19

..........................................................


THE GRAND JUNCTION CO CLIMATE NORMALS FOR TOMORROW
                         NORMAL    RECORD    YEAR
 MAXIMUM TEMPERATURE (F)   80        93      1969
                                             1958
 MINIMUM TEMPERATURE (F)   50        34      1980


SUNRISE AND SUNSET
MAY 25 2018...........SUNRISE   554 AM MDT   SUNSET   829 PM MDT
MAY 26 2018...........SUNRISE   553 AM MDT   SUNSET   830 PM MDT


-  INDICATES NEGATIVE NUMBERS.
R  INDICATES RECORD WAS SET OR TIED.
MM INDICATES DATA IS MISSING.
T  INDICATES TRACE AMOUNT.




$$
