000
CDUS44 KHGX 212142
CLIGLS


CLIMATE REPORT
NATIONAL WEATHER SERVICE HOUSTON/GALVESTON TX
442 PM CDT SAT APR 21 2018


...................................

...THE GALVESTON CLIMATE SUMMARY FOR APRIL 21 2018...
VALID TODAY AS OF 0400 PM LOCAL TIME.

CLIMATE NORMAL PERIOD 1981 TO 2010
CLIMATE RECORD PERIOD 1875 TO 2018


WEATHER ITEM   OBSERVED TIME   RECORD YEAR NORMAL DEPARTURE LAST
                VALUE   (LST)  VALUE       VALUE  FROM      YEAR
                                                  NORMAL
..................................................................
TEMPERATURE (F)
 TODAY
  MAXIMUM         75   1234 PM  86    1987  77     -2       84
  MINIMUM         67    320 AM  50    1899  66      1       76
                                      1884
  AVERAGE         71                        71      0       80

PRECIPITATION (IN)
  TODAY            T             2.02 1890   0.11  -0.11     0.00
  MONTH TO DATE    0.35                      2.29  -1.94     1.15
  SINCE MAR 1      1.69                      5.45  -3.76     2.42
  SINCE JAN 1      5.85                     12.22  -6.37     6.69

SNOWFALL (IN)
  TODAY            0.0          MM      MM  MM     MM        0.0
  MONTH TO DATE    0.0                      MM     MM        0.0
  SINCE MAR 1      0.0                      MM     MM        0.0
  SINCE JUL 1      T                         0.0    0.0      0.0
  SNOW DEPTH       0

DEGREE DAYS
 HEATING
  TODAY            0                         0      0        0
  MONTH TO DATE   19                        16      3        0
  SINCE MAR 1     39                       119    -80       18
  SINCE JUL 1    816                      1007   -191      328

 COOLING
  TODAY            6                         7     -1       15
  MONTH TO DATE   99                       103     -4      220
  SINCE MAR 1    266                       156    110      418
  SINCE JAN 1    367                       173    194      596
..................................................................


WIND (MPH)
  RESULTANT WIND SPEED  16   RESULTANT WIND DIRECTION   E (110)
  HIGHEST WIND SPEED    23   HIGHEST WIND DIRECTION     E (100)
  HIGHEST GUST SPEED    29   HIGHEST GUST DIRECTION     E (100)
  AVERAGE WIND SPEED    16.0


SKY COVER
  AVERAGE SKY COVER 0.9


WEATHER CONDITIONS
 THE FOLLOWING WEATHER WAS RECORDED TODAY.
  FOG
  HAZE


RELATIVE HUMIDITY (PERCENT)
 HIGHEST    93           200 PM
 LOWEST     84           800 AM
 AVERAGE    89

..........................................................


THE GALVESTON CLIMATE NORMALS FOR TOMORROW
                         NORMAL    RECORD    YEAR
 MAXIMUM TEMPERATURE (F)   77        85      2017
                                             2006
 MINIMUM TEMPERATURE (F)   66        48      1884


SUNRISE AND SUNSET
APRIL 21 2018.........SUNRISE   647 AM CDT   SUNSET   750 PM CDT
APRIL 22 2018.........SUNRISE   646 AM CDT   SUNSET   750 PM CDT


-  INDICATES NEGATIVE NUMBERS.
R  INDICATES RECORD WAS SET OR TIED.
MM INDICATES DATA IS MISSING.
T  INDICATES TRACE AMOUNT.




$$
