000
CDUS44 KJAN 251057
CLIGWO


CLIMATE REPORT
NATIONAL WEATHER SERVICE JACKSON MS
551 AM CDT FRI MAY 25 2018


...................................

...THE GREENWOOD CLIMATE SUMMARY FOR MAY 24 2018...

CLIMATE NORMAL PERIOD 1981 TO 2010
CLIMATE RECORD PERIOD 1948 TO 2018


WEATHER ITEM   OBSERVED TIME   RECORD YEAR NORMAL DEPARTURE LAST
                VALUE   (LST)  VALUE       VALUE  FROM      YEAR
                                                  NORMAL
..................................................................
TEMPERATURE (F)
 YESTERDAY
  MAXIMUM         90    341 PM  95    1996  85      5       72
                                      1970
  MINIMUM         68    332 AM  49    1951  63      5       54
  AVERAGE         79                        74      5       63

PRECIPITATION (IN)
  YESTERDAY        0.00          1.30 2015   0.15  -0.15     0.91
  MONTH TO DATE    4.73                      3.93   0.80     2.91
  SINCE MAR 1     16.07                     13.37   2.70    12.84
  SINCE JAN 1     32.67                     22.31  10.36    21.12

SNOWFALL (IN)
  YESTERDAY        0.0

DEGREE DAYS
 HEATING
  YESTERDAY        0                         0      0        2
  MONTH TO DATE    0                        15    -15       22
  SINCE MAR 1    447                       455     -8      297
  SINCE JUL 1   2501                      2686   -185     1780

 COOLING
  YESTERDAY       14                         9      5        0
  MONTH TO DATE  279                       157    122      146
  SINCE MAR 1    325                       254     71      346
  SINCE JAN 1    364                       259    105      380
..................................................................


WIND (MPH)
  HIGHEST WIND SPEED    20   HIGHEST WIND DIRECTION    NE (50)
  HIGHEST GUST SPEED    23   HIGHEST GUST DIRECTION    NE (50)
  AVERAGE WIND SPEED     2.2


SKY COVER
  POSSIBLE SUNSHINE  MM
  AVERAGE SKY COVER 0.2


WEATHER CONDITIONS
 THE FOLLOWING WEATHER WAS RECORDED YESTERDAY.
  THUNDERSTORM
  FOG
  HAZE


RELATIVE HUMIDITY (PERCENT)
 HIGHEST   100          1200 AM
 LOWEST     47           400 PM
 AVERAGE    74

..........................................................


THE GREENWOOD CLIMATE NORMALS FOR TODAY
                         NORMAL    RECORD    YEAR
 MAXIMUM TEMPERATURE (F)   85        97      1996
 MINIMUM TEMPERATURE (F)   63        50      1979


SUNRISE AND SUNSET
MAY 25 2018...........SUNRISE   554 AM CDT   SUNSET   801 PM CDT
MAY 26 2018...........SUNRISE   554 AM CDT   SUNSET   802 PM CDT


-  INDICATES NEGATIVE NUMBERS.
R  INDICATES RECORD WAS SET OR TIED.
MM INDICATES DATA IS MISSING.
T  INDICATES TRACE AMOUNT.




$$
