000
CDUS43 KGID 240635
CLIHSI


CLIMATE REPORT
NATIONAL WEATHER SERVICE HASTINGS NE
134 AM CDT TUE APR 24 2018


...................................

...THE HASTINGS NE CLIMATE SUMMARY FOR APRIL 23 2018...

CLIMATE NORMAL PERIOD 1981 TO 2010
CLIMATE RECORD PERIOD 1894 TO 2018


WEATHER ITEM   OBSERVED TIME   RECORD YEAR NORMAL DEPARTURE LAST
                VALUE   (LST)  VALUE       VALUE  FROM      YEAR
                                                  NORMAL
..................................................................
TEMPERATURE (F)
 YESTERDAY
  MAXIMUM         70    350 PM  96    1989  65      5       71
  MINIMUM         38    614 AM  26    2013  41     -3       39
  AVERAGE         54                        53      1       55

PRECIPITATION (IN)
  YESTERDAY        0.00          1.78 1944   0.09  -0.09     0.00
  MONTH TO DATE    0.98                      1.75  -0.77     0.77
  SINCE MAR 1      2.05                      3.54  -1.49     1.85
  SINCE JAN 1      3.07                      4.44  -1.37     2.95

SNOWFALL (IN)
  YESTERDAY        0.0           6.6  1956   0.0    0.0      0.0
  MONTH TO DATE    6.9                       1.1    5.8      0.0
  SINCE MAR 1      7.2                       6.3    0.9      1.2
  SINCE JUL 1     27.1                      28.7   -1.6     10.3
  SNOW DEPTH       0

DEGREE DAYS
 HEATING
  YESTERDAY       11                        12     -1       10
  MONTH TO DATE  586                       358    228      242
  SINCE MAR 1   1353                      1135    218      905
  SINCE JUL 1   6071                      5765    306     4835

 COOLING
  YESTERDAY        0                         0      0        0
  MONTH TO DATE    0                         0      0        8
  SINCE MAR 1      0                         0      0        8
  SINCE JAN 1      0                         0      0        8
..................................................................


WIND (MPH)
  HIGHEST WIND SPEED    13   HIGHEST WIND DIRECTION    SE (130)
  HIGHEST GUST SPEED    17   HIGHEST GUST DIRECTION     E (110)
  AVERAGE WIND SPEED     3.7


SKY COVER
  AVERAGE SKY COVER 0.2


WEATHER CONDITIONS
 THE FOLLOWING WEATHER WAS RECORDED YESTERDAY.
  FOG
  HAZE


RELATIVE HUMIDITY (PERCENT)
 HIGHEST    92           600 AM
 LOWEST     31           400 PM
 AVERAGE    62

..........................................................


THE HASTINGS NE CLIMATE NORMALS FOR TODAY
                         NORMAL    RECORD    YEAR
 MAXIMUM TEMPERATURE (F)   66        94      2012
 MINIMUM TEMPERATURE (F)   42        21      1956


SUNRISE AND SUNSET
APRIL 24 2018.........SUNRISE   642 AM CDT   SUNSET   822 PM CDT
APRIL 25 2018.........SUNRISE   641 AM CDT   SUNSET   823 PM CDT


-  INDICATES NEGATIVE NUMBERS.
R  INDICATES RECORD WAS SET OR TIED.
MM INDICATES DATA IS MISSING.
T  INDICATES TRACE AMOUNT.




$$
