000
CDUS43 KUNR 200845
CLIIEN


CLIMATE REPORT
NATIONAL WEATHER SERVICE RAPID CITY SD
241 AM MDT SUN MAY 20 2018


...................................

...THE PINE RIDGE SD CLIMATE SUMMARY FOR MAY 19 2018...

CLIMATE NORMAL PERIOD 1981 TO 2010
CLIMATE RECORD PERIOD 9999 TO 9999


WEATHER ITEM   OBSERVED TIME   NORMAL DEPARTURE LAST
                VALUE   (LST)  VALUE  FROM      YEAR
                                      NORMAL
......................................................
TEMPERATURE (F)
 YESTERDAY
  MAXIMUM         50   1215 AM  71    -21       45
  MINIMUM         42   1159 PM  43     -1       40
  AVERAGE         46            57    -11       43

PRECIPITATION (IN)
  YESTERDAY        0.33          0.07   0.26     0.13
  MONTH TO DATE    2.21          1.56   0.65     3.26
  SINCE MAR 1      4.96          4.34   0.62     7.52
  SINCE JAN 1      5.99          5.13   0.86     8.66

DEGREE DAYS
 HEATING
  YESTERDAY       19             9     10       22
  MONTH TO DATE  160           222    -62      184
  SINCE MAR 1   1714          1692     22     1387
  SINCE JUL 1   7018          7042    -24     6553

 COOLING
  YESTERDAY        0             1     -1        0
  MONTH TO DATE   16             2     14       15
  SINCE MAR 1     17             2     15       16
  SINCE JAN 1     17             2     15       16
......................................................


WIND (MPH)
  HIGHEST WIND SPEED    23   HIGHEST WIND DIRECTION    NE (30)
  HIGHEST GUST SPEED    30   HIGHEST GUST DIRECTION     N (20)
  AVERAGE WIND SPEED     9.6


SKY COVER
  AVERAGE SKY COVER 0.9


WEATHER CONDITIONS
 THE FOLLOWING WEATHER WAS RECORDED YESTERDAY.
  LIGHT RAIN
  FOG


RELATIVE HUMIDITY (PERCENT)
 HIGHEST   100          1200 AM
 LOWEST     86           200 PM
 AVERAGE    93

..........................................................




SUNRISE AND SUNSET
MAY 20 2018...........SUNRISE   522 AM MDT   SUNSET   812 PM MDT
MAY 21 2018...........SUNRISE   521 AM MDT   SUNSET   813 PM MDT


-  INDICATES NEGATIVE NUMBERS.
R  INDICATES RECORD WAS SET OR TIED.
MM INDICATES DATA IS MISSING.
T  INDICATES TRACE AMOUNT.




$$
