000
CDUS45 KVEF 210826
CLIIGM


CLIMATE REPORT
NATIONAL WEATHER SERVICE LAS VEGAS, NV
126 AM PDT SAT APR 21 2018


...................................

...THE KINGMAN AZ CLIMATE SUMMARY FOR APRIL 20 2018...

CLIMATE NORMAL PERIOD 1981 TO 2010
CLIMATE RECORD PERIOD 1901 TO 2018


WEATHER ITEM   OBSERVED TIME   RECORD YEAR NORMAL DEPARTURE LAST
                VALUE   (LST)  VALUE       VALUE  FROM      YEAR
                                                  NORMAL
..................................................................
TEMPERATURE (F)
 YESTERDAY
  MAXIMUM         74    350 PM  95    1938  75     -1       80
  MINIMUM         42    613 AM  30    1941  45     -3       45
  AVERAGE         58                        60     -2       63

PRECIPITATION (IN)
  YESTERDAY        0.00          2.50 1933   0.01  -0.01     0.00
  MONTH TO DATE    T                         0.32  -0.32     0.00
  SINCE OCT 1      1.31                      5.34  -4.03     6.26
  SINCE JAN 1      1.31                      3.24  -1.93     2.70

DEGREE DAYS
 HEATING
  YESTERDAY        7                         6      1        2
  MONTH TO DATE   82                       167    -85      124
  SINCE MAR 1    458                       585   -127      365
  SINCE JUL 1   2236                      2998   -762     2362

 COOLING
  YESTERDAY        0                         1     -1        0
  MONTH TO DATE   26                        13     13        4
  SINCE MAR 1     27                        16     11       10
  SINCE JAN 1     27                        16     11       10
..................................................................


WIND (MPH)
  RESULTANT WIND SPEED   6   RESULTANT WIND DIRECTION   W (270)
  HIGHEST WIND SPEED    30   HIGHEST WIND DIRECTION     N (340)
  HIGHEST GUST SPEED    35   HIGHEST GUST DIRECTION     N (340)
  AVERAGE WIND SPEED    13.3


SKY COVER
  POSSIBLE SUNSHINE  MM
  AVERAGE SKY COVER 0.2


WEATHER CONDITIONS
 THE FOLLOWING WEATHER WAS RECORDED YESTERDAY.
  NO SIGNIFICANT WEATHER WAS OBSERVED.


RELATIVE HUMIDITY (PERCENT)
 HIGHEST    62           600 AM
 LOWEST     17           400 PM
 AVERAGE    40

..........................................................


THE KINGMAN AZ CLIMATE NORMALS FOR TODAY
                         NORMAL    RECORD    YEAR
 MAXIMUM TEMPERATURE (F)   75        91      2012
                                             2009
 MINIMUM TEMPERATURE (F)   45        28      2005


SUNRISE AND SUNSET
APRIL 21 2018.........SUNRISE   556 AM MST   SUNSET   714 PM MST
APRIL 22 2018.........SUNRISE   555 AM MST   SUNSET   714 PM MST


-  INDICATES NEGATIVE NUMBERS.
R  INDICATES RECORD WAS SET OR TIED.
MM INDICATES DATA IS MISSING.
T  INDICATES TRACE AMOUNT.




$$
