000
CDUS43 KILX 242157
CLIILX


CLIMATE REPORT
NATIONAL WEATHER SERVICE LINCOLN IL
457 PM CDT TUE APR 24 2018


...................................

...THE LINCOLN IL CLIMATE SUMMARY FOR APRIL 24 2018...
VALID TODAY AS OF 0400 PM LOCAL TIME.

CLIMATE NORMAL PERIOD 1981 TO 2010
CLIMATE RECORD PERIOD 1905 TO 2018


WEATHER ITEM   OBSERVED TIME   RECORD YEAR NORMAL DEPARTURE LAST
                VALUE   (LST)  VALUE       VALUE  FROM      YEAR
                                                  NORMAL
..................................................................
TEMPERATURE (F)
 TODAY
  MAXIMUM         70        MM  89    1925  67      3       79
  MINIMUM         52        MM  18    1910  44      8       38
  AVERAGE         61                        56      5       59

PRECIPITATION (IN)
  TODAY            0.14          1.76 1908   0.13   0.01     0.00
  MONTH TO DATE    2.65                      2.83  -0.18     2.73
  SINCE MAR 1      6.92                      5.43   1.49     6.72
  SINCE JAN 1     12.44                      9.18   3.26     9.37

SNOWFALL (IN)
  TODAY            0.0           4.0  1910   0.0    0.0      0.0
  MONTH TO DATE    7.1                       0.3    6.8      0.0
  SINCE MAR 1      7.4                       2.0    5.4      3.7
  SINCE JUL 1     17.3                      20.5   -3.2     10.9
  SNOW DEPTH       0

DEGREE DAYS
 HEATING
  TODAY            4                        10     -6        6
  MONTH TO DATE  540                       338    202      205
  SINCE MAR 1   1367                      1079    288      902
  SINCE JUL 1   5767                      5502    265     4510

 COOLING
  TODAY            0                         1     -1        0
  MONTH TO DATE    4                         7     -3       14
  SINCE MAR 1      4                         9     -5       14
  SINCE JAN 1      4                         9     -5       14
..................................................................







THE LINCOLN IL CLIMATE NORMALS FOR TOMORROW
                         NORMAL    RECORD    YEAR
 MAXIMUM TEMPERATURE (F)   68        89      1954
 MINIMUM TEMPERATURE (F)   44        21      1934


SUNRISE AND SUNSET
APRIL 24 2018.........SUNRISE   606 AM CDT   SUNSET   745 PM CDT
APRIL 25 2018.........SUNRISE   605 AM CDT   SUNSET   746 PM CDT


-  INDICATES NEGATIVE NUMBERS.
R  INDICATES RECORD WAS SET OR TIED.
MM INDICATES DATA IS MISSING.
T  INDICATES TRACE AMOUNT.




$$
