000
CDUS43 KDLH 202231
CLIINL


CLIMATE REPORT
NATIONAL WEATHER SERVICE DULUTH MN
527 PM CDT FRI APR 20 2018


...................................

...THE INTERNATIONAL FALLS CLIMATE SUMMARY FOR APRIL 20 2018...
VALID TODAY AS OF 0500 PM LOCAL TIME.

CLIMATE NORMAL PERIOD 1981 TO 2010
CLIMATE RECORD PERIOD 1895 TO 2018


WEATHER ITEM   OBSERVED TIME   RECORD YEAR NORMAL DEPARTURE LAST
                VALUE   (LST)  VALUE       VALUE  FROM      YEAR
                                                  NORMAL
..................................................................
TEMPERATURE (F)
 TODAY
  MAXIMUM         59    359 PM  85    1923  54      5       56
  MINIMUM         22    547 AM   4    2013  29     -7       37
  AVERAGE         41                        42     -1       47

PRECIPITATION (IN)
  TODAY            0.00          0.85 1895   0.05  -0.05     0.00
  MONTH TO DATE    0.28                      0.92  -0.64     0.51
  SINCE MAR 1      0.63                      1.87  -1.24     1.19
  SINCE JAN 1      2.32                      3.06  -0.74     3.94

SNOWFALL (IN)
  TODAY            0.0           5.0         0.2   -0.2      0.0
  MONTH TO DATE    3.4                       5.1   -1.7      0.0
  SINCE JUL 1     62.2                      69.5   -7.3     67.8
  SNOW DEPTH       4

DEGREE DAYS
 HEATING
  TODAY           24                        23      1       18
  MONTH TO DATE  818                       562    256      456
  SINCE MAR 1   2089                      1845    244     1713
  SINCE JUL 1   9869                      9428    441     8187

 COOLING
  TODAY            0                         0      0        0
  MONTH TO DATE    0                         0      0        0
  SINCE MAR 1      0                         0      0        0
  SINCE JAN 1      0                         0      0        0
..................................................................


WIND (MPH)
  HIGHEST WIND SPEED     8   HIGHEST WIND DIRECTION     N (350)
  HIGHEST GUST SPEED    11   HIGHEST GUST DIRECTION     W (290)


SKY COVER
  AVERAGE SKY COVER 0.0


WEATHER CONDITIONS
 THE FOLLOWING WEATHER WAS RECORDED TODAY.
  NO SIGNIFICANT WEATHER WAS OBSERVED.


RELATIVE HUMIDITY (PERCENT)
 HIGHEST    96           600 AM
 LOWEST     21           400 PM
 AVERAGE    59

..........................................................


THE INTERNATIONAL FALLS CLIMATE NORMALS FOR TOMORROW
                         NORMAL    RECORD    YEAR
 MAXIMUM TEMPERATURE (F)   55        90      1980
 MINIMUM TEMPERATURE (F)   30        11      1966


SUNRISE AND SUNSET
APRIL 20 2018.........SUNRISE   613 AM CDT   SUNSET   812 PM CDT
APRIL 21 2018.........SUNRISE   612 AM CDT   SUNSET   814 PM CDT


-  INDICATES NEGATIVE NUMBERS.
R  INDICATES RECORD WAS SET OR TIED.
MM INDICATES DATA IS MISSING.
T  INDICATES TRACE AMOUNT.




$$
