000
CDUS41 KCTP 240630
CLIIPT


CLIMATE REPORT
NATIONAL WEATHER SERVICE STATE COLLEGE PA
230 AM EDT THU MAY 24 2018


...................................

...THE WILLIAMSPORT PA CLIMATE SUMMARY FOR MAY 23 2018...

CLIMATE NORMAL PERIOD 1981 TO 2010
CLIMATE RECORD PERIOD 1895 TO 2018


WEATHER ITEM   OBSERVED TIME   RECORD YEAR NORMAL DEPARTURE LAST
                VALUE   (LST)  VALUE       VALUE  FROM      YEAR
                                                  NORMAL
..................................................................
TEMPERATURE (F)
 YESTERDAY
  MAXIMUM         81    543 PM  96    1925  74      7       72
  MINIMUM         56   1159 PM  34    1932  50      6       51
  AVERAGE         69                        62      7       62

PRECIPITATION (IN)
  YESTERDAY        0.20          1.48 1931   0.13   0.07     0.00
  MONTH TO DATE    7.05                      2.69   4.36     3.40
  SINCE MAR 1     13.08                      8.90   4.18    11.05
  SINCE JAN 1     20.87                     13.94   6.93    16.35

SNOWFALL (IN)
  YESTERDAY        0.0           0.0  2002   0.0    0.0      0.0
                                      2001
  MONTH TO DATE    0.0                       0.0    0.0      0.0
  SINCE MAR 1      7.8                       8.0   -0.2     22.6
  SINCE JUL 1     26.8                      36.0   -9.2     41.1
  SNOW DEPTH       0

DEGREE DAYS
 HEATING
  YESTERDAY        0                         5     -5        3
  MONTH TO DATE   72                       171    -99      173
  SINCE MAR 1   1503                      1459     44     1281
  SINCE JUL 1   5553                      5926   -373     4917

 COOLING
  YESTERDAY        4                         2      2        0
  MONTH TO DATE   43                        20     23       29
  SINCE MAR 1     43                        25     18       44
  SINCE JAN 1     43                        25     18       44
..................................................................


WIND (MPH)
  HIGHEST WIND SPEED    14   HIGHEST WIND DIRECTION    NW (330)
  HIGHEST GUST SPEED    18   HIGHEST GUST DIRECTION     N (340)
  AVERAGE WIND SPEED     5.3


SKY COVER
  POSSIBLE SUNSHINE  MM
  AVERAGE SKY COVER 0.4


WEATHER CONDITIONS
 THE FOLLOWING WEATHER WAS RECORDED YESTERDAY.
  THUNDERSTORM
  RAIN
  LIGHT RAIN
  FOG
  HAZE


RELATIVE HUMIDITY (PERCENT)
 HIGHEST   100           600 AM
 LOWEST     30           500 PM
 AVERAGE    65

..........................................................


THE WILLIAMSPORT PA CLIMATE NORMALS FOR TODAY
                         NORMAL    RECORD    YEAR
 MAXIMUM TEMPERATURE (F)   74        90      1964
 MINIMUM TEMPERATURE (F)   50        31      1963


SUNRISE AND SUNSET
MAY 24 2018...........SUNRISE   542 AM EDT   SUNSET   828 PM EDT
MAY 25 2018...........SUNRISE   541 AM EDT   SUNSET   829 PM EDT


-  INDICATES NEGATIVE NUMBERS.
R  INDICATES RECORD WAS SET OR TIED.
MM INDICATES DATA IS MISSING.
T  INDICATES TRACE AMOUNT.




$$
