741
CDUS43 KBIS 230027
CLIISN


CLIMATE REPORT
NATIONAL WEATHER SERVICE BISMARCK ND
726 PM CDT SUN APR 22 2018


...................................

...THE WILLISTON ND CLIMATE SUMMARY FOR APRIL 22 2018...
VALID TODAY AS OF 0500 PM LOCAL TIME.

CLIMATE NORMAL PERIOD 1981 TO 2010
CLIMATE RECORD PERIOD 1894 TO 2018


WEATHER ITEM   OBSERVED TIME   RECORD YEAR NORMAL DEPARTURE LAST
                VALUE   (LST)  VALUE       VALUE  FROM      YEAR
                                                  NORMAL
..................................................................
TEMPERATURE (F)
 TODAY
  MAXIMUM         68    410 PM  89    1989  60      8       54
  MINIMUM         36    516 AM  12    1909  32      4       36
  AVERAGE         52                        46      6       45

PRECIPITATION (IN)
  TODAY            0.00          0.43 1960   0.03  -0.03      T
  MONTH TO DATE    0.17                      0.66  -0.49     0.38
  SINCE MAR 1      1.93                      1.37   0.56     1.23
  SINCE JAN 1      2.50                      2.35   0.15     2.37

SNOWFALL (IN)
  TODAY           MM

DEGREE DAYS
 HEATING
  TODAY           13                        19     -6       20
  MONTH TO DATE  759                       512    247      418
  SINCE MAR 1   2018                      1619    399     1458
  SINCE JUL 1   8872                      8387    485     7480

 COOLING
  TODAY            0                         0      0        0
  MONTH TO DATE    0                         0      0        0
  SINCE MAR 1      0                         0      0        0
  SINCE JAN 1      0                         0      0        0
..................................................................


WIND (MPH)
  HIGHEST WIND SPEED    18   HIGHEST WIND DIRECTION     W (250)
  HIGHEST GUST SPEED    24   HIGHEST GUST DIRECTION     W (270)
  AVERAGE WIND SPEED     6.6


SKY COVER
  POSSIBLE SUNSHINE  MM
  AVERAGE SKY COVER 0.3


WEATHER CONDITIONS
 THE FOLLOWING WEATHER WAS RECORDED TODAY.
  NO SIGNIFICANT WEATHER WAS OBSERVED.


RELATIVE HUMIDITY (PERCENT)
 HIGHEST    73           200 AM
 LOWEST     19           500 PM
 AVERAGE    46

..........................................................


THE WILLISTON ND CLIMATE NORMALS FOR TOMORROW
                         NORMAL    RECORD    YEAR
 MAXIMUM TEMPERATURE (F)   61        87      2012
 MINIMUM TEMPERATURE (F)   32        14      2008


SUNRISE AND SUNSET
APRIL 22 2018.........SUNRISE   652 AM CDT   SUNSET   855 PM CDT
APRIL 23 2018.........SUNRISE   650 AM CDT   SUNSET   857 PM CDT


-  INDICATES NEGATIVE NUMBERS.
R  INDICATES RECORD WAS SET OR TIED.
MM INDICATES DATA IS MISSING.
T  INDICATES TRACE AMOUNT.




$$
