000
CDUS44 KJAN 190633
CLIJAN

CLIMATE REPORT
NATIONAL WEATHER SERVICE JACKSON MS
130 AM CDT THU APR 19 2018

...................................

...THE JACKSON CLIMATE SUMMARY FOR APRIL 18 2018...

CLIMATE NORMAL PERIOD 1981 TO 2010
CLIMATE RECORD PERIOD 1896 TO 2018


WEATHER ITEM   OBSERVED TIME   RECORD YEAR NORMAL DEPARTURE LAST
                VALUE   (LST)  VALUE       VALUE  FROM      YEAR
                                                  NORMAL
..................................................................
TEMPERATURE (F)
 YESTERDAY
  MAXIMUM         80    132 PM  90    2006  77      3       83
  MINIMUM         54    428 AM  33    1997  53      1       63
  AVERAGE         67                        65      2       73

PRECIPITATION (IN)
  YESTERDAY        0.00          2.43 1944   0.17  -0.17     0.17
  MONTH TO DATE    4.98                      3.18   1.80     7.47
  SINCE MAR 1     14.17                      8.22   5.95    11.99
  SINCE JAN 1     27.78                     17.95   9.83    22.20

SNOWFALL (IN)
  YESTERDAY        0.0           0.0    MM   0.0    0.0      0.0
  MONTH TO DATE    0.0                       0.0    0.0      0.0
  SINCE MAR 1      0.0                       0.1   -0.1      0.0
  SINCE JUL 1      5.9                       0.8    5.1      0.8

DEGREE DAYS
 HEATING
  YESTERDAY        0                         3     -3        0
  MONTH TO DATE  110                        83     27       23
  SINCE MAR 1    338                       361    -23      187
  SINCE JUL 1   2008                      2353   -345     1305

 COOLING
  YESTERDAY        2                         3     -1        8
  MONTH TO DATE   22                        39    -17       70
  SINCE MAR 1     62                        66     -4      155
  SINCE JAN 1    127                        76     51      213
..................................................................


WIND (MPH)
  HIGHEST WIND SPEED    21   HIGHEST WIND DIRECTION    SW (220)
  HIGHEST GUST SPEED    27   HIGHEST GUST DIRECTION    SW (220)
  AVERAGE WIND SPEED     9.2


SKY COVER
  POSSIBLE SUNSHINE  MM
  AVERAGE SKY COVER 0.4


WEATHER CONDITIONS
 THE FOLLOWING WEATHER WAS RECORDED YESTERDAY.
  NO SIGNIFICANT WEATHER WAS OBSERVED.


RELATIVE HUMIDITY (PERCENT)
 HIGHEST   100           500 AM
 LOWEST     52           100 PM
 AVERAGE    76

..........................................................


THE JACKSON CLIMATE NORMALS FOR TODAY
                         NORMAL    RECORD    YEAR
 MAXIMUM TEMPERATURE (F)   77        92      1987
 MINIMUM TEMPERATURE (F)   53        35      1983


SUNRISE AND SUNSET
APRIL 19 2018.........SUNRISE   627 AM CDT   SUNSET   733 PM CDT
APRIL 20 2018.........SUNRISE   625 AM CDT   SUNSET   734 PM CDT


-  INDICATES NEGATIVE NUMBERS.
R  INDICATES RECORD WAS SET OR TIED.
MM INDICATES DATA IS MISSING.
T  INDICATES TRACE AMOUNT.

&&

AT 1 AM:

THE PEARL RIVER STAGE AT JACKSON WAS 19.8 FEET. THE RIVER FELL 0.1
FEET OVER THE PAST 24 HOURS.

THE MISSISSIPPI RIVER STAGE AT VICKSBURG WAS 43.1 FEET. THE RIVER
ROSE 0.1 FEET OVER THE PAST 24 HOURS.

$$
