000
CDUS43 KBIS 210032
CLIJMS


CLIMATE REPORT
NATIONAL WEATHER SERVICE BISMARCK ND
732 PM CDT FRI APR 20 2018


...................................

...THE JAMESTOWN ND CLIMATE SUMMARY FOR APRIL 20 2018...
VALID TODAY AS OF 0500 PM LOCAL TIME.

CLIMATE NORMAL PERIOD 1981 TO 2010
CLIMATE RECORD PERIOD 1891 TO 2018


WEATHER ITEM   OBSERVED TIME   RECORD YEAR NORMAL DEPARTURE LAST
                VALUE   (LST)  VALUE       VALUE  FROM      YEAR
                                                  NORMAL
..................................................................
TEMPERATURE (F)
 TODAY
  MAXIMUM         58    339 PM  92    1980  58      0       57
  MINIMUM         29    520 AM  13    2013  32     -3       38
  AVERAGE         44                        45     -1       48

PRECIPITATION (IN)
  TODAY            0.00          1.35 1921   0.04  -0.04     0.11
  MONTH TO DATE    0.02                      0.66  -0.64     1.27
  SINCE MAR 1      0.55                      1.50  -0.95     1.35
  SINCE JAN 1      0.68                      2.35  -1.67     1.77

DEGREE DAYS
 HEATING
  TODAY           21                        20      1       17
  MONTH TO DATE  778                       500    278      395
  SINCE MAR 1   2011                      1661    350     1550
  SINCE JUL 1   8722                      8420    302     7559

 COOLING
  TODAY            0                         0      0        0
  MONTH TO DATE    0                         0      0        0
  SINCE MAR 1      0                         0      0        0
  SINCE JAN 1      0                         0      0        0
..................................................................


WIND (MPH)
  RESULTANT WIND SPEED   9   RESULTANT WIND DIRECTION   S (170)
  HIGHEST WIND SPEED    17   HIGHEST WIND DIRECTION     S (170)
  HIGHEST GUST SPEED    23   HIGHEST GUST DIRECTION    SE (140)
  AVERAGE WIND SPEED     9.5


SKY COVER
  POSSIBLE SUNSHINE  MM
  AVERAGE SKY COVER 0.0


WEATHER CONDITIONS
 THE FOLLOWING WEATHER WAS RECORDED TODAY.
  NO SIGNIFICANT WEATHER WAS OBSERVED.


RELATIVE HUMIDITY (PERCENT)
 HIGHEST    89           700 AM
 LOWEST     38           400 PM
 AVERAGE    64

..........................................................


THE JAMESTOWN ND CLIMATE NORMALS FOR TOMORROW
                         NORMAL    RECORD    YEAR
 MAXIMUM TEMPERATURE (F)   58        96      1980
 MINIMUM TEMPERATURE (F)   32        15      1936


SUNRISE AND SUNSET
APRIL 20 2018.........SUNRISE   638 AM CDT   SUNSET   830 PM CDT
APRIL 21 2018.........SUNRISE   636 AM CDT   SUNSET   832 PM CDT


-  INDICATES NEGATIVE NUMBERS.
R  INDICATES RECORD WAS SET OR TIED.
MM INDICATES DATA IS MISSING.
T  INDICATES TRACE AMOUNT.




$$
