000
CDUS43 KGRR 202131
CLIJXN


CLIMATE REPORT
NATIONAL WEATHER SERVICE GRAND RAPIDS, MI
531 PM EDT FRI APR 20 2018


...................................

...THE JACKSON MI CLIMATE SUMMARY FOR APRIL 20 2018...
VALID TODAY AS OF 0500 PM LOCAL TIME.

CLIMATE NORMAL PERIOD 1981 TO 2010
CLIMATE RECORD PERIOD 1944 TO 9999


WEATHER ITEM   OBSERVED TIME   NORMAL DEPARTURE LAST
                VALUE   (LST)  VALUE  FROM      YEAR
                                      NORMAL
......................................................
TEMPERATURE (F)
 TODAY
  MAXIMUM         58    355 PM  61     -3       73
  MINIMUM         27    454 AM  39    -12       51
  AVERAGE         43            50     -7       62

PRECIPITATION (IN)
  TODAY            0.00          0.08  -0.08     0.81
  MONTH TO DATE    2.64          1.73   0.91     3.43
  SINCE MAR 1      4.87          3.63   1.24     7.32
  SINCE JAN 1      9.93          6.41   3.52    12.26

DEGREE DAYS
 HEATING
  TODAY           22            16      6        3
  MONTH TO DATE  561           383    178      245
  SINCE MAR 1   1537          1293    244     1161
  SINCE JUL 1   6241          6207     34     5169

 COOLING
  TODAY            0             0      0        0
  MONTH TO DATE    0             0      0        3
  SINCE MAR 1      0             0      0        3
  SINCE JAN 1      0             0      0        3
......................................................


WIND (MPH)
  RESULTANT WIND SPEED   4   RESULTANT WIND DIRECTION  NW (310)
  HIGHEST WIND SPEED    13   HIGHEST WIND DIRECTION     N (360)
  HIGHEST GUST SPEED    18   HIGHEST GUST DIRECTION     N (350)
  AVERAGE WIND SPEED     6.0


SKY COVER
  AVERAGE SKY COVER 0.0


WEATHER CONDITIONS
 THE FOLLOWING WEATHER WAS RECORDED TODAY.
  NO SIGNIFICANT WEATHER WAS OBSERVED.


RELATIVE HUMIDITY (PERCENT)
 HIGHEST    72           700 AM
 LOWEST     19           300 PM
 AVERAGE    46

..........................................................


THE JACKSON MI CLIMATE NORMALS FOR TOMORROW
                         NORMAL
 MAXIMUM TEMPERATURE (F)   61
 MINIMUM TEMPERATURE (F)   39


SUNRISE AND SUNSET
APRIL 20 2018.........SUNRISE   649 AM EDT   SUNSET   825 PM EDT
APRIL 21 2018.........SUNRISE   648 AM EDT   SUNSET   826 PM EDT


-  INDICATES NEGATIVE NUMBERS.
R  INDICATES RECORD WAS SET OR TIED.
MM INDICATES DATA IS MISSING.
T  INDICATES TRACE AMOUNT.




$$
