000
CDUS43 KIND 232030
CLILAF


CLIMATE REPORT
NATIONAL WEATHER SERVICE INDIANAPOLIS IN
430 PM EDT MON APR 23 2018


...................................

...THE LAFAYETTE IN CLIMATE SUMMARY FOR APRIL 23 2018...
VALID TODAY AS OF 0400 PM LOCAL TIME.

CLIMATE NORMAL PERIOD 1981 TO 2010
CLIMATE RECORD PERIOD 9999 TO 9999


WEATHER ITEM   OBSERVED TIME   NORMAL DEPARTURE LAST
                VALUE   (LST)  VALUE  FROM      YEAR
                                      NORMAL
......................................................
TEMPERATURE (F)
 TODAY
  MAXIMUM         64   1256 PM  66     -2       68
  MINIMUM         45    647 AM  43      2       37
  AVERAGE         55            54      1       53

PRECIPITATION (IN)
  TODAY            T             0.13  -0.13     0.00
  MONTH TO DATE    2.91          2.65   0.26     2.30
  SINCE MAR 1      5.96          5.32   0.64     5.97
  SINCE JAN 1     12.14          8.94   3.20    10.87

......................................................


WIND (MPH)
  HIGHEST WIND SPEED    18   HIGHEST WIND DIRECTION     E (110)
  HIGHEST GUST SPEED    25   HIGHEST GUST DIRECTION     E (100)
  AVERAGE WIND SPEED    12.4


SKY COVER
  AVERAGE SKY COVER 0.3


WEATHER CONDITIONS
 THE FOLLOWING WEATHER WAS RECORDED TODAY.
  LIGHT RAIN


RELATIVE HUMIDITY (PERCENT)
 HIGHEST    75           200 PM
 LOWEST     39           100 AM

..........................................................


THE LAFAYETTE IN CLIMATE NORMALS FOR TOMORROW
                         NORMAL
 MAXIMUM TEMPERATURE (F)   66
 MINIMUM TEMPERATURE (F)   44


SUNRISE AND SUNSET
APRIL 23 2018.........SUNRISE   658 AM EDT   SUNSET   835 PM EDT
APRIL 24 2018.........SUNRISE   656 AM EDT   SUNSET   836 PM EDT


-  INDICATES NEGATIVE NUMBERS.
R  INDICATES RECORD WAS SET OR TIED.
MM INDICATES DATA IS MISSING.
T  INDICATES TRACE AMOUNT.




$$
