000
CDUS45 KVEF 270826
CLILAS


CLIMATE REPORT
NATIONAL WEATHER SERVICE LAS VEGAS, NV
126 AM PDT SUN MAY 27 2018


...................................

...THE LAS VEGAS NV CLIMATE SUMMARY FOR MAY 26 2018...

CLIMATE NORMAL PERIOD 1981 TO 2010
CLIMATE RECORD PERIOD 1937 TO 2018


WEATHER ITEM   OBSERVED TIME   RECORD YEAR NORMAL DEPARTURE LAST
                VALUE   (LST)  VALUE       VALUE  FROM      YEAR
                                                  NORMAL
..................................................................
TEMPERATURE (F)
 YESTERDAY
  MAXIMUM         82    428 PM 109    1951  92    -10       91
  MINIMUM         63    607 AM  50    1980  69     -6       71
  AVERAGE         73                        80     -7       81

PRECIPITATION (IN)
  YESTERDAY        0.00          0.11 1996   0.00   0.00     0.00
  MONTH TO DATE    0.24                      0.10   0.14     0.08
  SINCE OCT 1      1.98                      3.12  -1.14     2.65
  SINCE JAN 1      1.98                      1.99  -0.01     1.59

SNOWFALL (IN)
  YESTERDAY        0.0           0.0    MM   0.0    0.0      0.0
  MONTH TO DATE    0.0                       0.0    0.0      0.0
  SINCE MAR 1      0.0                       0.0    0.0      0.0
  SINCE JUL 1      0.0                       0.3   -0.3      0.0
  SNOW DEPTH       0

DEGREE DAYS
 HEATING
  YESTERDAY        0                         0      0        0
  MONTH TO DATE   12                         4      8        7
  SINCE MAR 1    194                       256    -62       98
  SINCE JUL 1   1313                      1947   -634     1470

 COOLING
  YESTERDAY        8                        16     -8       16
  MONTH TO DATE  352                       308     44      298
  SINCE MAR 1    614                       467    147      573
  SINCE JAN 1    614                       468    146      576
..................................................................


WIND (MPH)
  RESULTANT WIND SPEED  10   RESULTANT WIND DIRECTION   S (190)
  HIGHEST WIND SPEED    21   HIGHEST WIND DIRECTION     S (180)
  HIGHEST GUST SPEED    29   HIGHEST GUST DIRECTION     S (200)
  AVERAGE WIND SPEED    11.0


SKY COVER
  POSSIBLE SUNSHINE  MM
  AVERAGE SKY COVER 0.2


WEATHER CONDITIONS
 THE FOLLOWING WEATHER WAS RECORDED YESTERDAY.
  NO SIGNIFICANT WEATHER WAS OBSERVED.


RELATIVE HUMIDITY (PERCENT)
 HIGHEST    43           600 AM
 LOWEST     17           500 PM
 AVERAGE    30

..........................................................


THE LAS VEGAS NV CLIMATE NORMALS FOR TODAY
                         NORMAL    RECORD    YEAR
 MAXIMUM TEMPERATURE (F)   93       108      1974
 MINIMUM TEMPERATURE (F)   69        44      1953


SUNRISE AND SUNSET
MAY 27 2018...........SUNRISE   527 AM PDT   SUNSET   749 PM PDT
MAY 28 2018...........SUNRISE   527 AM PDT   SUNSET   750 PM PDT


-  INDICATES NEGATIVE NUMBERS.
R  INDICATES RECORD WAS SET OR TIED.
MM INDICATES DATA IS MISSING.
T  INDICATES TRACE AMOUNT.




$$
