000
CDUS43 KLMK 190628
CLILEX


CLIMATE REPORT
NATIONAL WEATHER SERVICE LOUISVILLE KY
228 AM EDT THU APR 19 2018


...................................

...THE LEXINGTON KY CLIMATE SUMMARY FOR APRIL 18 2018...

CLIMATE NORMAL PERIOD 1981 TO 2010
CLIMATE RECORD PERIOD 1872 TO 2018


WEATHER ITEM   OBSERVED TIME   RECORD YEAR NORMAL DEPARTURE LAST
                VALUE   (LST)  VALUE       VALUE  FROM      YEAR
                                                  NORMAL
..................................................................
TEMPERATURE (F)
 YESTERDAY
  MAXIMUM         76    346 PM  88    1896  67      9       73
  MINIMUM         39    618 AM  15    1875  46     -7       60
  AVERAGE         58                        56      2       67

PRECIPITATION (IN)
  YESTERDAY        0.12          1.48 1969   0.12   0.00     0.02
  MONTH TO DATE    2.94                      2.03   0.91     1.25
  SINCE MAR 1      8.26                      6.10   2.16     4.53
  SINCE JAN 1     20.48                     12.50   7.98    12.63

SNOWFALL (IN)
  YESTERDAY        0.0           0.2  1910   0.0    0.0      0.0
  MONTH TO DATE    1.4                       0.3    1.1      0.0
  SINCE MAR 1     13.6                       1.7   11.9       T
  SINCE JUL 1     21.2                      13.0    8.2      3.4
  SNOW DEPTH       0

DEGREE DAYS
 HEATING
  YESTERDAY        7                        10     -3        0
  MONTH TO DATE  294                       218     76       89
  SINCE MAR 1    969                       823    146      619
  SINCE JUL 1   4281                      4394   -113     3329

 COOLING
  YESTERDAY        0                         1     -1        2
  MONTH TO DATE    8                         9     -1       25
  SINCE MAR 1      8                        11     -3       30
  SINCE JAN 1     15                        11      4       34
..................................................................


WIND (MPH)
  HIGHEST WIND SPEED    28   HIGHEST WIND DIRECTION    SW (210)
  HIGHEST GUST SPEED    38   HIGHEST GUST DIRECTION    SW (210)
  AVERAGE WIND SPEED    13.3


SKY COVER
  POSSIBLE SUNSHINE  MM
  AVERAGE SKY COVER 0.4


WEATHER CONDITIONS
 THE FOLLOWING WEATHER WAS RECORDED YESTERDAY.
  LIGHT RAIN
  FOG
  HAZE


RELATIVE HUMIDITY (PERCENT)
 HIGHEST    70          1200 AM
 LOWEST     43           200 PM
 AVERAGE    57

..........................................................


THE LEXINGTON KY CLIMATE NORMALS FOR TODAY
                         NORMAL    RECORD    YEAR
 MAXIMUM TEMPERATURE (F)   67        86      1941
 MINIMUM TEMPERATURE (F)   46        25      1983


SUNRISE AND SUNSET
APRIL 19 2018.........SUNRISE   657 AM EDT   SUNSET   818 PM EDT
APRIL 20 2018.........SUNRISE   656 AM EDT   SUNSET   819 PM EDT


-  INDICATES NEGATIVE NUMBERS.
R  INDICATES RECORD WAS SET OR TIED.
MM INDICATES DATA IS MISSING.
T  INDICATES TRACE AMOUNT.




$$
