000
CDUS44 KSHV 190758
CLILFK


CLIMATE REPORT
NATIONAL WEATHER SERVICE SHREVEPORT, LA
257 AM CDT THU APR 19 2018


...................................

...THE LUFKIN CLIMATE SUMMARY FOR APRIL 18 2018...

CLIMATE NORMAL PERIOD 1981 TO 2010
CLIMATE RECORD PERIOD 1906 TO 2018


WEATHER ITEM   OBSERVED TIME   RECORD YEAR NORMAL DEPARTURE LAST
                VALUE   (LST)  VALUE       VALUE  FROM      YEAR
                                                  NORMAL
..................................................................
TEMPERATURE (F)
 YESTERDAY
  MAXIMUM         79    431 PM  93    2006  79      0       74
  MINIMUM         60   1022 PM  40    1999  56      4       64
  AVERAGE         70                        67      3       69

PRECIPITATION (IN)
  YESTERDAY        0.00          1.87 2016   0.10  -0.10     0.05
  MONTH TO DATE    2.54                      1.76   0.78     5.09
  SINCE DEC 1     23.00                     18.03   4.97    19.97
  SINCE JAN 1     19.39                     13.59   5.80    15.06

SNOWFALL (IN)
  YESTERDAY        0.0
  MONTH TO DATE    0.0
  SINCE MAR 1      0.0
  SINCE JUL 1      1.1
  SNOW DEPTH       0

DEGREE DAYS
 HEATING
  YESTERDAY        0                         2     -2        0
  MONTH TO DATE   88                        55     33       20
  SINCE MAR 1    207                       265    -58      143
  SINCE JUL 1   1827                      1899    -72     1119

 COOLING
  YESTERDAY        5                         4      1        4
  MONTH TO DATE   43                        58    -15       68
  SINCE MAR 1    132                        99     33      162
  SINCE JAN 1    175                       118     57      244
..................................................................


WIND (MPH)
  HIGHEST WIND SPEED    17   HIGHEST WIND DIRECTION    SW (240)
  HIGHEST GUST SPEED    25   HIGHEST GUST DIRECTION    SW (220)
  AVERAGE WIND SPEED     6.2


SKY COVER
  POSSIBLE SUNSHINE  MM
  AVERAGE SKY COVER 0.8


WEATHER CONDITIONS
 THE FOLLOWING WEATHER WAS RECORDED YESTERDAY.
  NO SIGNIFICANT WEATHER WAS OBSERVED.


RELATIVE HUMIDITY (PERCENT)
 HIGHEST    87           400 AM
 LOWEST     58           600 PM
 AVERAGE    73

..........................................................


THE LUFKIN CLIMATE NORMALS FOR TODAY
                         NORMAL    RECORD    YEAR
 MAXIMUM TEMPERATURE (F)   79        93      2011
                                             1987
 MINIMUM TEMPERATURE (F)   56        40      1939


SUNRISE AND SUNSET
APRIL 19 2018.........SUNRISE   646 AM CDT   SUNSET   750 PM CDT
APRIL 20 2018.........SUNRISE   645 AM CDT   SUNSET   751 PM CDT


-  INDICATES NEGATIVE NUMBERS.
R  INDICATES RECORD WAS SET OR TIED.
MM INDICATES DATA IS MISSING.
T  INDICATES TRACE AMOUNT.




$$
