000
CDUS41 KOKX 252049
CLILGA


CLIMATE REPORT
NATIONAL WEATHER SERVICE NEW YORK NY
448 PM EDT FRI MAY 25 2018


...................................

...THE LAGUARDIA NY CLIMATE SUMMARY FOR MAY 25 2018...
VALID TODAY AS OF 0400 PM LOCAL TIME.

CLIMATE NORMAL PERIOD 1981 TO 2010
CLIMATE RECORD PERIOD 1939 TO 2018


WEATHER ITEM   OBSERVED TIME   RECORD YEAR NORMAL DEPARTURE LAST
                VALUE   (LST)  VALUE       VALUE  FROM      YEAR
                                                  NORMAL
..................................................................
TEMPERATURE (F)
 TODAY
  MAXIMUM         89    243 PM  95    2007  74     15       59
  MINIMUM         68    456 AM  44    1967  57     11       56
                                      1956
  AVERAGE         79                        65     14       58

PRECIPITATION (IN)
  TODAY            0.00          1.64 1952   0.13  -0.13     0.87
  MONTH TO DATE    2.66                      2.97  -0.31     5.63
  SINCE MAR 1     11.76                     10.94   0.82    14.41
  SINCE JAN 1     19.82                     16.87   2.95    20.41

SNOWFALL (IN)
  TODAY            0.0          MM      MM   0.0    0.0      0.0
  MONTH TO DATE    0.0                       0.0    0.0      0.0
  SINCE OCT 1     38.4                      26.9   11.5     33.2
  SINCE JUL 1     38.4                      26.9   11.5     33.2
  SNOW DEPTH       0

DEGREE DAYS
 HEATING
  TODAY            0                         3     -3        7
  MONTH TO DATE   54                       122    -68      111
  SINCE MAR 1   1265                      1207     58     1092
  SINCE JUL 1   4398                      4636   -238     3779

 COOLING
  TODAY           14                         3     11        0
  MONTH TO DATE  100                        38     62       67
  SINCE MAR 1    106                        46     60       98
  SINCE JAN 1    106                        46     60       98
..................................................................


WIND (MPH)
  HIGHEST WIND SPEED    20   HIGHEST WIND DIRECTION    SW (220)
  HIGHEST GUST SPEED    25   HIGHEST GUST DIRECTION    SW (220)
  AVERAGE WIND SPEED    10.4


SKY COVER
  AVERAGE SKY COVER 0.3


WEATHER CONDITIONS
 THE FOLLOWING WEATHER WAS RECORDED TODAY.
  NO SIGNIFICANT WEATHER WAS OBSERVED.


RELATIVE HUMIDITY (PERCENT)
 HIGHEST    55           500 AM
 LOWEST     24           100 PM
 AVERAGE    40

..........................................................


THE LAGUARDIA NY CLIMATE NORMALS FOR TOMORROW
                         NORMAL    RECORD    YEAR
 MAXIMUM TEMPERATURE (F)   74        94      2010
                                             1965
 MINIMUM TEMPERATURE (F)   57        45      1972
                                             1967


SUNRISE AND SUNSET
MAY 25 2018...........SUNRISE   530 AM EDT   SUNSET   815 PM EDT
MAY 26 2018...........SUNRISE   530 AM EDT   SUNSET   816 PM EDT


-  INDICATES NEGATIVE NUMBERS.
R  INDICATES RECORD WAS SET OR TIED.
MM INDICATES DATA IS MISSING.
T  INDICATES TRACE AMOUNT.




$$
