000
CDUS43 KLMK 202029
CLILOU


CLIMATE REPORT
NATIONAL WEATHER SERVICE LOUISVILLE KY
429 PM EDT FRI APR 20 2018


...................................

...THE LOUISVILLE BOWMAN KY CLIMATE SUMMARY FOR APRIL 20 2018...
VALID TODAY AS OF 0400 PM LOCAL TIME.

CLIMATE NORMAL PERIOD 1981 TO 2010
CLIMATE RECORD PERIOD 9999 TO 9999


WEATHER ITEM   OBSERVED TIME   RECORD YEAR NORMAL DEPARTURE LAST
                VALUE   (LST)  VALUE       VALUE  FROM      YEAR
                                                  NORMAL
..................................................................
TEMPERATURE (F)
 TODAY
  MAXIMUM         63    258 PM  MM      MM  69     -6       83
  MINIMUM         36    637 AM  MM      MM  49    -13       66
  AVERAGE         50                        59     -9       75

PRECIPITATION (IN)
  TODAY            0.00         MM      MM   0.15  -0.15      T
  MONTH TO DATE    2.68                      2.47   0.21     2.72
  SINCE MAR 1      7.55                      6.63   0.92     6.17
  SINCE JAN 1     19.42                     13.19   6.23    12.19

SNOWFALL (IN)
  TODAY           MM            MM      MM  MM     MM       MM
  MONTH TO DATE   MM                        MM     MM       MM
  SINCE MAR 1     MM                        MM     MM       MM
  SINCE JUL 1     MM                        MM     MM       MM
  SNOW DEPTH      MM

DEGREE DAYS
 HEATING
  TODAY           15                         8      7        0
  MONTH TO DATE  321                       209    112       72
  SINCE MAR 1    958                       771    187      552
  SINCE JUL 1   4220                      4132     88     3114

 COOLING
  TODAY            0                         1     -1       10
  MONTH TO DATE   16                        20     -4       58
  SINCE MAR 1     16                        24     -8       67
  SINCE JAN 1     26                        24      2       70
..................................................................


WIND (MPH)
  HIGHEST WIND SPEED    13   HIGHEST WIND DIRECTION     E (80)
  HIGHEST GUST SPEED    18   HIGHEST GUST DIRECTION     E (70)
  AVERAGE WIND SPEED     6.0


SKY COVER
  POSSIBLE SUNSHINE  MM
  AVERAGE SKY COVER 0.0


WEATHER CONDITIONS
 THE FOLLOWING WEATHER WAS RECORDED TODAY.
  NO SIGNIFICANT WEATHER WAS OBSERVED.


RELATIVE HUMIDITY (PERCENT)
 HIGHEST    64           600 AM
 LOWEST     25           300 PM
 AVERAGE    45

..........................................................




SUNRISE AND SUNSET
APRIL 20 2018.........SUNRISE   700 AM EDT   SUNSET   824 PM EDT
APRIL 21 2018.........SUNRISE   659 AM EDT   SUNSET   825 PM EDT


-  INDICATES NEGATIVE NUMBERS.
R  INDICATES RECORD WAS SET OR TIED.
MM INDICATES DATA IS MISSING.
T  INDICATES TRACE AMOUNT.




$$
