524
CDUS43 KILX 220633
CLILWV


CLIMATE REPORT
NATIONAL WEATHER SERVICE LINCOLN IL
132 AM CDT SUN APR 22 2018


...................................

...THE LAWRENCEVILLE IL AIRPORT CLIMATE SUMMARY FOR APRIL 21 2018...

CLIMATE NORMAL PERIOD 1981 TO 2010
CLIMATE RECORD PERIOD 9999 TO 9999


WEATHER ITEM   OBSERVED TIME   RECORD YEAR NORMAL DEPARTURE LAST
                VALUE   (LST)  VALUE       VALUE  FROM      YEAR
                                                  NORMAL
..................................................................
TEMPERATURE (F)
 YESTERDAY
  MAXIMUM         69    401 PM  MM      MM  69      0       61
  MINIMUM         40    523 AM  MM      MM  48     -8       47
  AVERAGE         55                        58     -3       54

PRECIPITATION (IN)
  YESTERDAY        0.00         MM      MM   0.14  -0.14     0.19
  MONTH TO DATE    2.33                      2.49  -0.16     1.88
  SINCE MAR 1      7.49                      5.92   1.57     4.71
  SINCE JAN 1     15.58                     10.31   5.27     8.86

DEGREE DAYS
 HEATING
  YESTERDAY       10                         8      2       11
  MONTH TO DATE  383                       238    145      127
  SINCE MAR 1   1064                       860    204      692
  SINCE JUL 1   4678                      4535    143     3747

 COOLING
  YESTERDAY        0                         1     -1        0
  MONTH TO DATE    2                        15    -13       31
  SINCE MAR 1      2                        17    -15       33
  SINCE JAN 1      3                        17    -14       33
..................................................................


WIND (MPH)
  HIGHEST WIND SPEED    18   HIGHEST WIND DIRECTION    NE (50)
  HIGHEST GUST SPEED    22   HIGHEST GUST DIRECTION    NE (40)
  AVERAGE WIND SPEED    10.9


SKY COVER
  POSSIBLE SUNSHINE  MM
  AVERAGE SKY COVER 0.0


WEATHER CONDITIONS
 THE FOLLOWING WEATHER WAS RECORDED YESTERDAY.
  NO SIGNIFICANT WEATHER WAS OBSERVED.


RELATIVE HUMIDITY (PERCENT)
 HIGHEST    65           500 AM
 LOWEST     21           300 PM
 AVERAGE    43

..........................................................


THE LAWRENCEVILLE IL AIRPORT CLIMATE NORMALS FOR TODAY
                         NORMAL    RECORD    YEAR
 MAXIMUM TEMPERATURE (F)   69        MM        MM
 MINIMUM TEMPERATURE (F)   48        MM        MM


SUNRISE AND SUNSET
APRIL 22 2018.........SUNRISE   604 AM CDT   SUNSET   734 PM CDT
APRIL 23 2018.........SUNRISE   603 AM CDT   SUNSET   735 PM CDT


-  INDICATES NEGATIVE NUMBERS.
R  INDICATES RECORD WAS SET OR TIED.
MM INDICATES DATA IS MISSING.
T  INDICATES TRACE AMOUNT.




$$
