000
CDUS42 KTAE 250633
CLIMAI


CLIMATE REPORT
NATIONAL WEATHER SERVICE TALLAHASSEE FL
230 AM EDT WED APR 25 2018


...................................

...THE MARIANNA CLIMATE SUMMARY FOR APRIL 24 2018...

CLIMATE NORMAL PERIOD 1981 TO 2010
CLIMATE RECORD PERIOD 1950 TO 2018


WEATHER ITEM   OBSERVED NORMAL DEPARTURE LAST
                VALUE   VALUE  FROM      YEAR
                               NORMAL
...............................................
TEMPERATURE (F)
 YESTERDAY
  MAXIMUM         77     82     -5       70
  MINIMUM         55     56     -1       55
  AVERAGE         66     69     -3       63

PRECIPITATION (IN)
  YESTERDAY        T      0.09  -0.09     0.00
  MONTH TO DATE    2.17   3.35  -1.18     2.03
  SINCE MAR 1      6.25   8.89  -2.64     4.11
  SINCE JAN 1     20.39  18.87   1.52    14.51

DEGREE DAYS
 HEATING
  YESTERDAY        0            -1
  MONTH TO DATE   42           -16
  SINCE MAR 1    226           -12
  SINCE JUL 1   1365          -278

 COOLING
  YESTERDAY        1            -4
  MONTH TO DATE   59           -19
  SINCE MAR 1    105            -5
  SINCE JAN 1    213            88
...............................................


WIND (MPH)
  HIGHEST WIND SPEED    15   HIGHEST WIND DIRECTION     W (280)
  HIGHEST GUST SPEED    24   HIGHEST GUST DIRECTION     W (280)
  AVERAGE WIND SPEED     7.6




RELATIVE HUMIDITY (PERCENT)
 HIGHEST    93
 LOWEST     49
 AVERAGE    71

..........................................................




SUNRISE AND SUNSET
APRIL 25 2018.........SUNRISE   602 AM CDT   SUNSET   715 PM CDT
APRIL 26 2018.........SUNRISE   601 AM CDT   SUNSET   716 PM CDT


-  INDICATES NEGATIVE NUMBERS.
R  INDICATES RECORD WAS SET OR TIED.
MM INDICATES DATA IS MISSING.
T  INDICATES TRACE AMOUNT.




$$
