000
CDUS43 KABR 202237
CLIMBG


CLIMATE REPORT
NATIONAL WEATHER SERVICE ABERDEEN SD
536 PM CDT SUN MAY 20 2018


...................................

...THE MOBRIDGE SD CLIMATE SUMMARY FOR MAY 20 2018...
VALID TODAY AS OF 0500 PM LOCAL TIME.

CLIMATE NORMAL PERIOD 1981 TO 2010
CLIMATE RECORD PERIOD 1911 TO 2018


WEATHER ITEM   OBSERVED TIME   RECORD YEAR NORMAL DEPARTURE LAST
                VALUE   (LST)  VALUE       VALUE  FROM      YEAR
                                                  NORMAL
..................................................................
TEMPERATURE (F)
 TODAY
  MAXIMUM         70    309 PM  95    1934  69      1       59
  MINIMUM         41    534 AM  26    2003  45     -4       39
  AVERAGE         56                        57     -1       49

PRECIPITATION (IN)
  TODAY            0.00          1.27 1917   0.09  -0.09     0.00
  MONTH TO DATE    3.24                      1.77   1.47     0.44
  SINCE MAR 1      6.20                      4.24   1.96     1.54
  SINCE JAN 1      7.21                      4.97   2.24     2.30

DEGREE DAYS
 HEATING
  TODAY            9                         8      1       16
  MONTH TO DATE  135                       217    -82      141
  SINCE MAR 1   2052                      1837    215     1601
  SINCE JUL 1   7922                      7812    110     7038

 COOLING
  TODAY            0                         1     -1        0
  MONTH TO DATE   24                         2     22       20
  SINCE MAR 1     25                         3     22       20
  SINCE JAN 1     25                         3     22       20
..................................................................


WIND (MPH)
  HIGHEST WIND SPEED    20   HIGHEST WIND DIRECTION    SE (120)
  HIGHEST GUST SPEED    25   HIGHEST GUST DIRECTION    SE (140)
  AVERAGE WIND SPEED     8.3


SKY COVER
  POSSIBLE SUNSHINE  MM
  AVERAGE SKY COVER 0.0


WEATHER CONDITIONS
 THE FOLLOWING WEATHER WAS RECORDED TODAY.
  NO SIGNIFICANT WEATHER WAS OBSERVED.


RELATIVE HUMIDITY (PERCENT)
 HIGHEST    83           600 AM
 LOWEST     28           400 PM
 AVERAGE    56

..........................................................


THE MOBRIDGE SD CLIMATE NORMALS FOR TOMORROW
                         NORMAL    RECORD    YEAR
 MAXIMUM TEMPERATURE (F)   70        94      1964
 MINIMUM TEMPERATURE (F)   46        23      1931


SUNRISE AND SUNSET
MAY 20 2018...........SUNRISE   606 AM CDT   SUNSET   911 PM CDT
MAY 21 2018...........SUNRISE   605 AM CDT   SUNSET   913 PM CDT


-  INDICATES NEGATIVE NUMBERS.
R  INDICATES RECORD WAS SET OR TIED.
MM INDICATES DATA IS MISSING.
T  INDICATES TRACE AMOUNT.




$$
