776
CDAK49 PAFG 260947
CLIMCG

CLIMATE REPORT
NATIONAL WEATHER SERVICE FAIRBANKS AK
147 AM AKDT THU APR 26 2018


...................................

...THE MCGRATH AK CLIMATE SUMMARY FOR APRIL 25 2018...

CLIMATE NORMAL PERIOD 1981 TO 2010
CLIMATE RECORD PERIOD 1946 TO 2018


WEATHER ITEM   OBSERVED TIME   RECORD YEAR NORMAL DEPARTURE LAST
                VALUE   (LST)  VALUE       VALUE  FROM      YEAR
                                                  NORMAL
..................................................................
TEMPERATURE (F)
 YESTERDAY
  MAXIMUM         45    508 PM  61    1997  47     -2       53
  MINIMUM         38   1159 PM  -5    1955  26     12       34
  AVERAGE         42                        37      5       44

PRECIPITATION (IN)
  YESTERDAY        T             0.50 1995   0.02  -0.02     0.04
  MONTH TO DATE    0.48                      0.60  -0.12     0.15
  SINCE MAR 1      1.47                      1.41   0.06     0.15
  SINCE JAN 1      3.15                      3.44  -0.29     1.35

SNOWFALL (IN)
  YESTERDAY        0.0           1.6  1961   0.1   -0.1      0.0
  MONTH TO DATE    2.5                       4.6   -2.1      2.6
  SINCE MAR 1     20.6                      15.9    4.7      2.6
  SINCE JUL 1     83.1                      95.9  -12.8     51.3
  SNOW DEPTH      10

DEGREE DAYS
 HEATING
  YESTERDAY       23                        29     -6       21
  MONTH TO DATE  823                       927   -104      735
  SINCE MAR 1   2265                      2582   -317     2658
  SINCE JUL 1  10767                     12814  -2047    12416

 COOLING
  YESTERDAY        0                         0      0        0
  MONTH TO DATE    0                         0      0        0
  SINCE MAR 1      0                         0      0        0
  SINCE JAN 1      0                         0      0        0
..................................................................


WIND (MPH)
  HIGHEST GUST SPEED    31   HIGHEST GUST DIRECTION     S (200)


SKY COVER
  AVERAGE SKY COVER 0.7


WEATHER CONDITIONS
 THE FOLLOWING WEATHER WAS RECORDED YESTERDAY.
  LIGHT RAIN


RELATIVE HUMIDITY (PERCENT)
 HIGHEST    85
 LOWEST     49
 AVERAGE    67

..........................................................


THE MCGRATH AK CLIMATE NORMALS FOR TODAY
                         NORMAL    RECORD    YEAR
 MAXIMUM TEMPERATURE (F)   48        63      2016
 MINIMUM TEMPERATURE (F)   27         3      1955


SUNRISE AND SUNSET
APRIL 26 2018.........SUNRISE   619 AM AKDT  SUNSET  1025 PM AKDT
APRIL 27 2018.........SUNRISE   615 AM AKDT  SUNSET  1028 PM AKDT

-  INDICATES NEGATIVE NUMBERS.
R  INDICATES RECORD WAS SET OR TIED.
MM INDICATES DATA IS MISSING.
T  INDICATES TRACE AMOUNT.

&&

SNOW DEPTH IS MEASURED AT 3AM AKST/4AM AKDT.

----------------------------
AVAILABLE DAYLIGHT

AMOUNT OF DAYLIGHT TODAY  (HOUR:MIN)........16:06
GAIN/LOSS SINCE YESTERDAY (HOUR:MIN:SEC)....+0:06:12

$$
APR 18
