000
CDUS43 KGLD 240829 RRB
CLIMCK

CLIMATE REPORT
NATIONAL WEATHER SERVICE GOODLAND
227 AM MDT TUE APR 24 2018

...................................

...THE MCCOOK NE CLIMATE SUMMARY FOR APRIL 23 2018...

CLIMATE NORMAL PERIOD 1981 TO 2010
CLIMATE RECORD PERIOD 1896 TO 2018


WEATHER ITEM   OBSERVED TIME   RECORD YEAR NORMAL DEPARTURE LAST
                VALUE   (LST)  VALUE       VALUE  FROM      YEAR
                                                  NORMAL
..................................................................
TEMPERATURE (F)
 YESTERDAY
  MAXIMUM         70    440 PM  98    1939  67      3       72
  MINIMUM         32    626 AM  25    1987  37     -5       32
  AVERAGE         51                        52     -1       52

PRECIPITATION (IN)
  YESTERDAY        0.00                      0.10  -0.10     0.00
  MONTH TO DATE    0.44                      1.66  -1.22     0.03
  SINCE MAR 1      0.81                      3.02  -2.21     1.03
  SINCE JAN 1      2.32                      4.15  -1.83     1.73

..................................................................

THE MCCOOK NE CLIMATE NORMALS FOR TODAY
                         NORMAL    RECORD    YEAR
 MAXIMUM TEMPERATURE (F)   67        95      2012
 MINIMUM TEMPERATURE (F)   38        22      2013


-  INDICATES NEGATIVE NUMBERS.
R  INDICATES RECORD WAS SET OR TIED.
MM INDICATES DATA IS MISSING.
T  INDICATES TRACE AMOUNT.

$$
