000
CDUS42 KFFC 200819
CLIMCN


CLIMATE REPORT
NATIONAL WEATHER SERVICE PEACHTREE CITY GA
418 AM EDT FRI APR 20 2018


...................................

...THE MACON CLIMATE SUMMARY FOR APRIL 19 2018...

CLIMATE NORMAL PERIOD 1981 TO 2010
CLIMATE RECORD PERIOD 1899 TO 2018


WEATHER ITEM   OBSERVED TIME   RECORD YEAR NORMAL DEPARTURE LAST
                VALUE   (LST)  VALUE       VALUE  FROM      YEAR
                                                  NORMAL
..................................................................
TEMPERATURE (F)
 YESTERDAY
  MAXIMUM         81    222 PM  91    2002  78      3       83
                                      1976
                                      1968
  MINIMUM         52   1159 PM  31    1983  51      1       59
  AVERAGE         67                        64      3       71

PRECIPITATION (IN)
  YESTERDAY        0.00          1.73 1940   0.10  -0.10     0.00
  MONTH TO DATE    1.98                      2.03  -0.05     1.49
  SINCE MAR 1      4.63                      6.58  -1.95     2.94
  SINCE JAN 1     10.26                     15.18  -4.92    16.14

DEGREE DAYS
 HEATING
  YESTERDAY        0                         3     -3        0
  MONTH TO DATE   97                        86     11       37
  SINCE MAR 1    393                       358     35      274
  SINCE JUL 1   2044                      2283   -239     1461

 COOLING
  YESTERDAY        2                         2      0        6
  MONTH TO DATE   17                        30    -13       60
  SINCE MAR 1     37                        48    -11      113
  SINCE JAN 1     88                        51     37      124
..................................................................


WIND (MPH)
  RESULTANT WIND SPEED  10   RESULTANT WIND DIRECTION   W (290)
  HIGHEST WIND SPEED    26   HIGHEST WIND DIRECTION     W (260)
  HIGHEST GUST SPEED    34   HIGHEST GUST DIRECTION     W (260)
  AVERAGE WIND SPEED    12.8


SKY COVER
  AVERAGE SKY COVER 0.1


WEATHER CONDITIONS
 THE FOLLOWING WEATHER WAS RECORDED YESTERDAY.
  NO SIGNIFICANT WEATHER WAS OBSERVED.


RELATIVE HUMIDITY (PERCENT)
 HIGHEST    93           500 AM
 LOWEST     25           100 PM
 AVERAGE    59

..........................................................


THE MACON CLIMATE NORMALS FOR TODAY
                         NORMAL    RECORD    YEAR
 MAXIMUM TEMPERATURE (F)   78        92      1994
 MINIMUM TEMPERATURE (F)   51        31      1983


SUNRISE AND SUNSET
APRIL 20 2018.........SUNRISE   659 AM EDT   SUNSET   808 PM EDT
APRIL 21 2018.........SUNRISE   658 AM EDT   SUNSET   809 PM EDT


-  INDICATES NEGATIVE NUMBERS.
R  INDICATES RECORD WAS SET OR TIED.
MM INDICATES DATA IS MISSING.
T  INDICATES TRACE AMOUNT.




$$
