000
CDUS41 KCTP 232138
CLIMDT


CLIMATE REPORT
NATIONAL WEATHER SERVICE STATE COLLEGE PA
538 PM EDT MON APR 23 2018


...................................

...THE HARRISBURG PA CLIMATE SUMMARY FOR APRIL 23 2018...
VALID TODAY AS OF 0500 PM LOCAL TIME.

CLIMATE NORMAL PERIOD 1981 TO 2010
CLIMATE RECORD PERIOD 1888 TO 2018


WEATHER ITEM   OBSERVED TIME   RECORD YEAR NORMAL DEPARTURE LAST
                VALUE   (LST)  VALUE       VALUE  FROM      YEAR
                                                  NORMAL
..................................................................
TEMPERATURE (F)
 TODAY
  MAXIMUM         70    242 PM  91    1960  65      5       66
  MINIMUM         37    454 AM  30    1989  44     -7       39
  AVERAGE         54                        55     -1       53

PRECIPITATION (IN)
  TODAY            0.00          1.91 1921   0.11  -0.11     0.00
  MONTH TO DATE    2.76                      2.38   0.38     2.69
  SINCE MAR 1      5.73                      5.75  -0.02     7.41
  SINCE JAN 1     15.17                     11.02   4.15    11.79

SNOWFALL (IN)
  TODAY            0.0           T    1911   0.0    0.0      0.0
  MONTH TO DATE    3.9                       0.4    3.5      0.0
  SINCE MAR 1     19.9                       5.6   14.3     18.4
  SINCE JUL 1     38.0                      30.6    7.4     23.9
  SNOW DEPTH       0

DEGREE DAYS
 HEATING
  TODAY           11                        11      0       12
  MONTH TO DATE  420                       328     92      192
  SINCE MAR 1   1233                      1051    182      954
  SINCE JUL 1   4938                      5039   -101     4192

 COOLING
  TODAY            0                         0      0        0
  MONTH TO DATE   12                         0     12        7
  SINCE MAR 1     12                         1     11        7
  SINCE JAN 1     12                         1     11        7
..................................................................


WIND (MPH)
  HIGHEST WIND SPEED    16   HIGHEST WIND DIRECTION    SE (120)
  HIGHEST GUST SPEED    21   HIGHEST GUST DIRECTION    SE (140)
  AVERAGE WIND SPEED     4.5


SKY COVER
  POSSIBLE SUNSHINE  MM
  AVERAGE SKY COVER 0.2


WEATHER CONDITIONS
 THE FOLLOWING WEATHER WAS RECORDED TODAY.
  NO SIGNIFICANT WEATHER WAS OBSERVED.


RELATIVE HUMIDITY (PERCENT)
 HIGHEST    79           400 AM
 LOWEST     33           200 PM
 AVERAGE    56

..........................................................


THE HARRISBURG PA CLIMATE NORMALS FOR TOMORROW
                         NORMAL    RECORD    YEAR
 MAXIMUM TEMPERATURE (F)   66        90      1960
 MINIMUM TEMPERATURE (F)   45        30      1930


SUNRISE AND SUNSET
APRIL 23 2018.........SUNRISE   617 AM EDT   SUNSET   754 PM EDT
APRIL 24 2018.........SUNRISE   616 AM EDT   SUNSET   755 PM EDT


-  INDICATES NEGATIVE NUMBERS.
R  INDICATES RECORD WAS SET OR TIED.
MM INDICATES DATA IS MISSING.
T  INDICATES TRACE AMOUNT.




$$
